CRAN Package Check Results for Package KnapsackSampling

Last updated on 2020-05-25 01:48:55 CEST.

Flavor Version Tinstall Tcheck Ttotal Status Flags
r-devel-linux-x86_64-debian-clang 0.1.0 1.91 19.39 21.30 OK
r-devel-linux-x86_64-debian-gcc 0.1.0 1.53 15.65 17.18 OK
r-devel-linux-x86_64-fedora-clang 0.1.0 27.77 NOTE
r-devel-linux-x86_64-fedora-gcc 0.1.0 26.05 NOTE
r-devel-windows-ix86+x86_64 0.1.0 7.00 43.00 50.00 OK
r-patched-linux-x86_64 0.1.0 1.95 19.54 21.49 OK
r-patched-solaris-x86 0.1.0 42.00 NOTE
r-release-linux-x86_64 0.1.0 1.76 19.47 21.23 OK
r-release-osx-x86_64 0.1.0 NOTE
r-release-windows-ix86+x86_64 0.1.0 6.00 33.00 39.00 OK
r-oldrel-osx-x86_64 0.1.0 NOTE
r-oldrel-windows-ix86+x86_64 0.1.0 12.00 45.00 57.00 OK

Check Details

Version: 0.1.0
Check: dependencies in R code
Result: NOTE
    Namespace in Imports field not imported from: ‘utils’
     All declared Imports should be used.
Flavors: r-devel-linux-x86_64-fedora-clang, r-devel-linux-x86_64-fedora-gcc, r-patched-solaris-x86, r-release-osx-x86_64, r-oldrel-osx-x86_64