CRAN Package Check Results for Package KenSyn

Last updated on 2020-05-29 07:53:59 CEST.

Flavor Version Tinstall Tcheck Ttotal Status Flags
r-devel-linux-x86_64-debian-clang 0.3 2.43 18.47 20.90 OK
r-devel-linux-x86_64-debian-gcc 0.3 1.76 14.87 16.63 OK
r-devel-linux-x86_64-fedora-clang 0.3 26.96 NOTE
r-devel-linux-x86_64-fedora-gcc 0.3 24.57 NOTE
r-devel-windows-ix86+x86_64 0.3 6.00 97.00 103.00 OK
r-patched-linux-x86_64 0.3 2.04 18.59 20.63 OK
r-patched-solaris-x86 0.3 41.70 NOTE
r-release-linux-x86_64 0.3 1.83 18.57 20.40 OK
r-release-osx-x86_64 0.3 NOTE
r-release-windows-ix86+x86_64 0.3 5.00 44.00 49.00 OK
r-oldrel-osx-x86_64 0.3 NOTE
r-oldrel-windows-ix86+x86_64 0.3 4.00 30.00 34.00 OK

Check Details

Version: 0.3
Check: dependencies in R code
Result: NOTE
    Namespaces in Imports field not imported from:
     ‘lme4’ ‘metafor’ ‘nlme’
     All declared Imports should be used.
Flavors: r-devel-linux-x86_64-fedora-clang, r-devel-linux-x86_64-fedora-gcc, r-patched-solaris-x86, r-release-osx-x86_64, r-oldrel-osx-x86_64