CRAN Package Check Results for Package KOBT

Last updated on 2020-10-28 19:47:49 CET.

Flavor Version Tinstall Tcheck Ttotal Status Flags
r-devel-linux-x86_64-debian-clang 0.1.0 7.58 70.52 78.10 OK
r-devel-linux-x86_64-debian-gcc 0.1.0 6.10 52.41 58.51 OK
r-devel-linux-x86_64-fedora-clang 0.1.0 101.30 NOTE
r-devel-linux-x86_64-fedora-gcc 0.1.0 102.01 NOTE
r-devel-windows-ix86+x86_64 0.1.0 18.00 88.00 106.00 OK
r-patched-linux-x86_64 0.1.0 OK
r-patched-solaris-x86 0.1.0 140.30 NOTE
r-release-linux-x86_64 0.1.0 7.69 63.74 71.43 OK
r-release-macos-x86_64 0.1.0 NOTE
r-release-windows-ix86+x86_64 0.1.0 12.00 64.00 76.00 OK
r-oldrel-macos-x86_64 0.1.0 NOTE
r-oldrel-windows-ix86+x86_64 0.1.0 15.00 84.00 99.00 OK

Check Details

Version: 0.1.0
Check: dependencies in R code
Result: NOTE
    Namespace in Imports field not imported from: ‘MASS’
     All declared Imports should be used.
Flavors: r-devel-linux-x86_64-fedora-clang, r-devel-linux-x86_64-fedora-gcc, r-patched-solaris-x86, r-release-macos-x86_64, r-oldrel-macos-x86_64