Last updated on 2023-12-08 18:55:39 CET.
Flavor | Version | Tinstall | Tcheck | Ttotal | Status | Flags |
---|---|---|---|---|---|---|
r-devel-linux-x86_64-debian-clang | 1.0.5 | 18.25 | 175.61 | 193.86 | NOTE | |
r-devel-linux-x86_64-debian-gcc | 1.0.5 | 13.49 | 129.20 | 142.69 | NOTE | |
r-devel-linux-x86_64-fedora-clang | 1.0.5 | 235.59 | NOTE | |||
r-devel-linux-x86_64-fedora-gcc | 1.0.5 | 262.54 | NOTE | |||
r-devel-windows-x86_64 | 1.0.5 | 16.00 | 151.00 | 167.00 | NOTE | |
r-patched-linux-x86_64 | 1.0.5 | 16.14 | 153.38 | 169.52 | OK | |
r-release-linux-x86_64 | 1.0.5 | 13.37 | 169.72 | 183.09 | OK | |
r-release-macos-arm64 | 1.0.5 | 93.00 | OK | |||
r-release-macos-x86_64 | 1.0.5 | 169.00 | OK | |||
r-release-windows-x86_64 | 1.0.5 | 21.00 | 181.00 | 202.00 | OK | |
r-oldrel-macos-arm64 | 1.0.5 | 75.00 | OK | |||
r-oldrel-macos-x86_64 | 1.0.5 | 111.00 | OK | |||
r-oldrel-windows-x86_64 | 1.0.5 | 22.00 | 171.00 | 193.00 | OK |
Version: 1.0.5
Check: Rd files
Result: NOTE
checkRd: (-1) JointAIObject.Rd:72: Lost braces in \itemize; \value handles \item{}{} directly
checkRd: (-1) JointAIObject.Rd:73: Lost braces in \itemize; \value handles \item{}{} directly
checkRd: (-1) JointAIObject.Rd:74: Lost braces in \itemize; \value handles \item{}{} directly
checkRd: (-1) JointAIObject.Rd:75: Lost braces in \itemize; \value handles \item{}{} directly
checkRd: (-1) JointAIObject.Rd:76: Lost braces in \itemize; \value handles \item{}{} directly
checkRd: (-1) JointAIObject.Rd:77: Lost braces in \itemize; \value handles \item{}{} directly
checkRd: (-1) JointAIObject.Rd:78-79: Lost braces in \itemize; \value handles \item{}{} directly
checkRd: (-1) model_imp.Rd:579: Lost braces
579 | code{D_main} (for multi-level models) and
| ^
Flavors: r-devel-linux-x86_64-debian-clang, r-devel-linux-x86_64-debian-gcc
Version: 1.0.5
Check: Rd \usage sections
Result: NOTE
Documented arguments not in \usage in Rd file 'paste_coef.Rd':
‘parlemts’
Documented arguments not in \usage in Rd file 'paste_linpred.Rd':
‘parlemts’ ‘matname’
Functions with \usage entries need to have the appropriate \alias
entries, and all their arguments documented.
The \usage entries must correspond to syntactically valid R code.
See chapter ‘Writing R documentation files’ in the ‘Writing R
Extensions’ manual.
Flavors: r-devel-linux-x86_64-debian-clang, r-devel-linux-x86_64-debian-gcc, r-devel-linux-x86_64-fedora-clang, r-devel-linux-x86_64-fedora-gcc, r-devel-windows-x86_64