Last updated on 2023-01-31 21:51:40 CET.
Flavor | Version | Tinstall | Tcheck | Ttotal | Status | Flags |
---|---|---|---|---|---|---|
r-devel-linux-x86_64-debian-clang | 0.1.9 | 2.31 | 142.26 | 144.57 | NOTE | |
r-devel-linux-x86_64-debian-gcc | 0.1.9 | 1.71 | 96.82 | 98.53 | NOTE | |
r-devel-linux-x86_64-fedora-clang | 0.1.9 | 164.61 | NOTE | |||
r-devel-linux-x86_64-fedora-gcc | 0.1.9 | 191.50 | NOTE | |||
r-devel-windows-x86_64 | 0.1.9 | 7.00 | 166.00 | 173.00 | NOTE | |
r-patched-linux-x86_64 | 0.1.9 | 2.30 | 131.08 | 133.38 | NOTE | |
r-release-linux-x86_64 | 0.1.9 | 2.27 | 127.30 | 129.57 | NOTE | |
r-release-macos-arm64 | 0.1.9 | 37.00 | NOTE | |||
r-release-macos-x86_64 | 0.1.9 | 58.00 | NOTE | |||
r-release-windows-x86_64 | 0.1.9 | 10.00 | 169.00 | 179.00 | NOTE | |
r-oldrel-macos-arm64 | 0.1.9 | 47.00 | NOTE | |||
r-oldrel-macos-x86_64 | 0.1.9 | 84.00 | NOTE | |||
r-oldrel-windows-ix86+x86_64 | 0.1.9 | 5.00 | 163.00 | 168.00 | NOTE |
Version: 0.1.9
Check: LazyData
Result: NOTE
'LazyData' is specified without a 'data' directory
Flavors: r-devel-linux-x86_64-debian-clang, r-devel-linux-x86_64-debian-gcc, r-devel-linux-x86_64-fedora-clang, r-devel-linux-x86_64-fedora-gcc, r-devel-windows-x86_64, r-patched-linux-x86_64, r-release-linux-x86_64, r-release-macos-arm64, r-release-macos-x86_64, r-release-windows-x86_64, r-oldrel-macos-arm64, r-oldrel-macos-x86_64, r-oldrel-windows-ix86+x86_64
Version: 0.1.9
Check: dependencies in R code
Result: NOTE
Namespace in Imports field not imported from: ‘GA’
All declared Imports should be used.
Flavors: r-devel-linux-x86_64-fedora-clang, r-devel-linux-x86_64-fedora-gcc, r-release-macos-arm64, r-release-macos-x86_64, r-oldrel-macos-arm64, r-oldrel-macos-x86_64