Last updated on 2023-12-09 12:49:24 CET.
Flavor | Version | Tinstall | Tcheck | Ttotal | Status | Flags |
---|---|---|---|---|---|---|
r-devel-linux-x86_64-debian-clang | 0.1.9 | 2.38 | 135.12 | 137.50 | NOTE | |
r-devel-linux-x86_64-debian-gcc | 0.1.9 | 1.77 | 101.79 | 103.56 | NOTE | |
r-devel-linux-x86_64-fedora-clang | 0.1.9 | 166.51 | NOTE | |||
r-devel-linux-x86_64-fedora-gcc | 0.1.9 | 179.31 | NOTE | |||
r-devel-windows-x86_64 | 0.1.9 | 3.00 | 106.00 | 109.00 | NOTE | |
r-patched-linux-x86_64 | 0.1.9 | 2.05 | 120.57 | 122.62 | NOTE | |
r-release-linux-x86_64 | 0.1.9 | 2.09 | 129.81 | 131.90 | NOTE | |
r-release-macos-arm64 | 0.1.9 | 49.00 | NOTE | |||
r-release-macos-x86_64 | 0.1.9 | 92.00 | NOTE | |||
r-release-windows-x86_64 | 0.1.9 | 3.00 | 147.00 | 150.00 | NOTE | |
r-oldrel-macos-arm64 | 0.1.9 | 43.00 | NOTE | |||
r-oldrel-macos-x86_64 | 0.1.9 | 58.00 | NOTE | |||
r-oldrel-windows-x86_64 | 0.1.9 | 3.00 | 144.00 | 147.00 | NOTE |
Version: 0.1.9
Check: LazyData
Result: NOTE
'LazyData' is specified without a 'data' directory
Flavors: r-devel-linux-x86_64-debian-clang, r-devel-linux-x86_64-debian-gcc, r-devel-linux-x86_64-fedora-clang, r-devel-linux-x86_64-fedora-gcc, r-devel-windows-x86_64, r-patched-linux-x86_64, r-release-linux-x86_64, r-release-macos-arm64, r-release-macos-x86_64, r-release-windows-x86_64, r-oldrel-macos-arm64, r-oldrel-macos-x86_64, r-oldrel-windows-x86_64
Version: 0.1.9
Check: dependencies in R code
Result: NOTE
Namespace in Imports field not imported from: ‘GA’
All declared Imports should be used.
Flavors: r-devel-linux-x86_64-fedora-clang, r-devel-linux-x86_64-fedora-gcc, r-oldrel-macos-x86_64