CRAN Package Check Results for Package JMbayes

Last updated on 2020-07-07 02:08:27 CEST.

Flavor Version Tinstall Tcheck Ttotal Status Flags
r-devel-linux-x86_64-debian-clang 0.8-85 153.45 166.67 320.12 OK
r-devel-linux-x86_64-debian-gcc 0.8-85 122.49 124.22 246.71 OK
r-devel-linux-x86_64-fedora-clang 0.8-85 409.83 NOTE
r-devel-linux-x86_64-fedora-gcc 0.8-85 403.68 OK
r-devel-windows-ix86+x86_64 0.8-85 263.00 222.00 485.00 OK
r-patched-linux-x86_64 0.8-85 117.75 162.34 280.09 OK
r-patched-solaris-x86 0.8-85 425.70 OK
r-release-linux-x86_64 0.8-85 113.44 164.05 277.49 OK
r-release-osx-x86_64 0.8-85 NOTE
r-release-windows-ix86+x86_64 0.8-85 201.00 7.00 208.00 ERROR
r-oldrel-osx-x86_64 0.8-85 NOTE
r-oldrel-windows-ix86+x86_64 0.8-85 302.00 334.00 636.00 OK

Check Details

Version: 0.8-85
Check: installed package size
Result: NOTE
     installed size is 10.2Mb
     sub-directories of 1Mb or more:
     libs 9.1Mb
Flavors: r-devel-linux-x86_64-fedora-clang, r-release-osx-x86_64, r-oldrel-osx-x86_64

Version: 0.8-85
Check: whether package can be installed
Result: ERROR
    Installation failed.
Flavor: r-release-windows-ix86+x86_64