CRAN Package Check Results for Package JFE

Last updated on 2022-10-03 01:53:57 CEST.

Flavor Version Tinstall Tcheck Ttotal Status Flags
r-devel-linux-x86_64-debian-clang 2.5.3 16.92 153.06 169.98 OK
r-devel-linux-x86_64-debian-gcc 2.5.3 15.67 116.98 132.65 OK
r-devel-linux-x86_64-fedora-clang 2.5.3 236.35 OK
r-devel-linux-x86_64-fedora-gcc 2.5.3 223.44 OK
r-devel-windows-x86_64 2.5.3 33.00 188.00 221.00 OK
r-patched-linux-x86_64 2.5.3 20.39 156.11 176.50 OK
r-release-linux-x86_64 2.5.3 13.43 156.94 170.37 OK
r-release-macos-arm64 2.5.3 82.00 OK
r-release-macos-x86_64 2.5.3 125.00 OK
r-release-windows-x86_64 2.5.3 32.00 195.00 227.00 OK
r-oldrel-macos-arm64 2.5.3 82.00 OK
r-oldrel-macos-x86_64 2.5.3 121.00 OK
r-oldrel-windows-ix86+x86_64 2.5.3 37.00 180.00 217.00 ERROR

Check Details

Version: 2.5.3
Check: examples
Result: ERROR
    Running examples in 'JFE-Ex.R' failed
    The error most likely occurred in:
    
    > ### Name: getFed
    > ### Title: Download financial and economic time series data from the Fed
    > ### Aliases: getFed
    >
    > ### ** Examples
    >
    >
    > getFed(var.name="UNRATE")$data
    Warning in file(file, "rt") :
     InternetOpenUrl failed: 'Die Serververbindung konnte nicht hergestellt werden.'
    Error in file(file, "rt") : cannot open the connection
    Calls: getFed -> read.csv -> read.table -> file
    Execution halted
Flavor: r-oldrel-windows-ix86+x86_64