CRAN Package Check Results for Package Irescale

Last updated on 2022-09-27 12:52:54 CEST.

Flavor Version Tinstall Tcheck Ttotal Status Flags
r-devel-linux-x86_64-debian-clang 2.3.0 10.22 160.67 170.89 NOTE
r-devel-linux-x86_64-debian-gcc 2.3.0 8.34 119.96 128.30 NOTE
r-devel-linux-x86_64-fedora-clang 2.3.0 216.30 NOTE
r-devel-linux-x86_64-fedora-gcc 2.3.0 222.44 NOTE
r-devel-windows-x86_64 2.3.0 34.00 198.00 232.00 NOTE
r-patched-linux-x86_64 2.3.0 7.76 152.58 160.34 NOTE
r-release-linux-x86_64 2.3.0 9.52 151.27 160.79 NOTE
r-release-macos-arm64 2.3.0 57.00 NOTE
r-release-macos-x86_64 2.3.0 147.00 NOTE
r-release-windows-x86_64 2.3.0 19.00 188.00 207.00 NOTE
r-oldrel-macos-arm64 2.3.0 77.00 NOTE
r-oldrel-macos-x86_64 2.3.0 140.00 NOTE
r-oldrel-windows-ix86+x86_64 2.3.0 28.00 183.00 211.00 NOTE

Check Details

Version: 2.3.0
Check: LazyData
Result: NOTE
     'LazyData' is specified without a 'data' directory
Flavors: r-devel-linux-x86_64-debian-clang, r-devel-linux-x86_64-debian-gcc, r-devel-linux-x86_64-fedora-clang, r-devel-linux-x86_64-fedora-gcc, r-devel-windows-x86_64, r-patched-linux-x86_64, r-release-linux-x86_64, r-release-macos-arm64, r-release-macos-x86_64, r-release-windows-x86_64, r-oldrel-macos-arm64, r-oldrel-macos-x86_64, r-oldrel-windows-ix86+x86_64