CRAN Package Check Results for Package IntegratedMRF

Last updated on 2022-08-12 12:56:10 CEST.

Flavor Version Tinstall Tcheck Ttotal Status Flags
r-devel-linux-x86_64-debian-clang 1.1.9 21.97 54.28 76.25 NOTE
r-devel-linux-x86_64-debian-gcc 1.1.9 19.42 40.86 60.28 NOTE
r-devel-linux-x86_64-fedora-clang 1.1.9 114.61 NOTE
r-devel-linux-x86_64-fedora-gcc 1.1.9 104.83 NOTE
r-devel-windows-x86_64 1.1.9 41.00 101.00 142.00 OK
r-patched-linux-x86_64 1.1.9 21.36 50.50 71.86 NOTE
r-release-linux-x86_64 1.1.9 17.35 50.54 67.89 NOTE
r-release-macos-arm64 1.1.9 38.00 OK
r-release-macos-x86_64 1.1.9 6.00 ERROR
r-release-windows-x86_64 1.1.9 39.00 98.00 137.00 OK
r-oldrel-macos-arm64 1.1.9 56.00 OK
r-oldrel-macos-x86_64 1.1.9 60.00 OK
r-oldrel-windows-ix86+x86_64 1.1.9 55.00 118.00 173.00 OK

Check Details

Version: 1.1.9
Check: for non-standard things in the check directory
Result: NOTE
    Found the following files/directories:
     'Error_Estimation_Response_1.tiff' 'Error_Estimation_Response_2.tiff'
     'Error_Estimation_Response_3.tiff'
Flavors: r-devel-linux-x86_64-debian-clang, r-devel-linux-x86_64-debian-gcc, r-devel-linux-x86_64-fedora-clang, r-devel-linux-x86_64-fedora-gcc, r-patched-linux-x86_64, r-release-linux-x86_64

Version: 1.1.9
Check: package dependencies
Result: ERROR
    Package required but not available: ‘MultivariateRandomForest’
    
    See section ‘The DESCRIPTION file’ in the ‘Writing R Extensions’
    manual.
Flavor: r-release-macos-x86_64