Last updated on 2023-12-02 00:51:59 CET.
Flavor | Version | Tinstall | Tcheck | Ttotal | Status | Flags |
---|---|---|---|---|---|---|
r-devel-linux-x86_64-debian-clang | 2.0-8 | 3.01 | 41.31 | 44.32 | NOTE | |
r-devel-linux-x86_64-debian-gcc | 2.0-8 | 2.14 | 31.20 | 33.34 | NOTE | |
r-devel-linux-x86_64-fedora-clang | 2.0-8 | 54.81 | OK | |||
r-devel-linux-x86_64-fedora-gcc | 2.0-8 | 53.47 | OK | |||
r-devel-windows-x86_64 | 2.0-8 | 3.00 | 62.00 | 65.00 | OK | |
r-patched-linux-x86_64 | 2.0-8 | 2.88 | 39.96 | 42.84 | OK | |
r-release-linux-x86_64 | 2.0-8 | 2.28 | 39.71 | 41.99 | OK | |
r-release-macos-arm64 | 2.0-8 | 21.00 | OK | |||
r-release-macos-x86_64 | 2.0-8 | 30.00 | OK | |||
r-release-windows-x86_64 | 2.0-8 | 4.00 | 67.00 | 71.00 | OK | |
r-oldrel-macos-arm64 | 2.0-8 | 21.00 | OK | |||
r-oldrel-macos-x86_64 | 2.0-8 | 30.00 | OK | |||
r-oldrel-windows-x86_64 | 2.0-8 | 5.00 | 68.00 | 73.00 | OK |
Version: 2.0-8
Check: Rd files
Result: NOTE
checkRd: (-1) secretin.Rd:17: Lost braces
17 | {\code{a}: 1st sample};
| ^
checkRd: (-1) secretin.Rd:18: Lost braces
18 | {\code{b}: 2nd sample}.}
| ^
checkRd: (-1) secretin.Rd:20: Lost braces
20 | {\code{20+}: 20 minutes or longer since injection};
| ^
checkRd: (-1) secretin.Rd:21: Lost braces
21 | {\code{pre}: before injection.}}
| ^
checkRd: (-1) secretin.Rd:23: Lost braces
23 | {\code{20}: 20 minutes since injection};
| ^
checkRd: (-1) secretin.Rd:24: Lost braces
24 | {\code{30+}: 30 minutes or longer since injection};
| ^
checkRd: (-1) secretin.Rd:25: Lost braces
25 | {\code{pre}: before injection. }}
| ^
Flavors: r-devel-linux-x86_64-debian-clang, r-devel-linux-x86_64-debian-gcc