CRAN Package Check Results for Package ISOpureR

Last updated on 2022-09-28 00:52:44 CEST.

Flavor Version Tinstall Tcheck Ttotal Status Flags
r-devel-linux-x86_64-debian-clang 1.1.3 26.04 56.28 82.32 NOTE
r-devel-linux-x86_64-debian-gcc 1.1.3 20.30 43.45 63.75 NOTE
r-devel-linux-x86_64-fedora-clang 1.1.3 128.18 NOTE
r-devel-linux-x86_64-fedora-gcc 1.1.3 118.11 NOTE
r-devel-windows-x86_64 1.1.3 88.00 132.00 220.00 NOTE
r-patched-linux-x86_64 1.1.3 19.80 53.54 73.34 OK
r-release-linux-x86_64 1.1.3 19.43 53.91 73.34 OK
r-release-macos-arm64 1.1.3 37.00 OK
r-release-macos-x86_64 1.1.3 46.00 OK
r-release-windows-x86_64 1.1.3 73.00 126.00 199.00 OK
r-oldrel-macos-arm64 1.1.3 42.00 OK
r-oldrel-macos-x86_64 1.1.3 66.00 OK
r-oldrel-windows-ix86+x86_64 1.1.3 71.00 113.00 184.00 OK

Check Details

Version: 1.1.3
Check: Rd files
Result: NOTE
    checkRd: (-1) ISOpureS1.model_optimize.kappa.kappa_deriv_loglikelihood.Rd:9: Escaped LaTeX specials: \$
    checkRd: (-1) ISOpureS1.model_optimize.kappa.kappa_deriv_loglikelihood.Rd:14: Escaped LaTeX specials: \$
    checkRd: (-1) ISOpureS1.model_optimize.kappa.kappa_loglikelihood.Rd:11: Escaped LaTeX specials: \$
    checkRd: (-1) ISOpureS2.model_optimize.kappa.kappa_deriv_loglikelihood.Rd:11: Escaped LaTeX specials: \$
    checkRd: (-1) ISOpureS2.model_optimize.kappa.kappa_loglikelihood.Rd:11: Escaped LaTeX specials: \$
Flavors: r-devel-linux-x86_64-debian-clang, r-devel-linux-x86_64-debian-gcc, r-devel-linux-x86_64-fedora-clang, r-devel-linux-x86_64-fedora-gcc, r-devel-windows-x86_64