CRAN Package Check Results for Package ISEtools

Last updated on 2020-09-22 14:05:00 CEST.

Flavor Version Tinstall Tcheck Ttotal Status Flags
r-devel-linux-x86_64-debian-clang 3.1.1.1 4.72 37.85 42.57 OK
r-devel-linux-x86_64-debian-gcc 3.1.1.1 3.33 29.22 32.55 OK
r-devel-linux-x86_64-fedora-clang 3.1.1.1 62.20 OK
r-devel-linux-x86_64-fedora-gcc 3.1.1.1 52.86 OK
r-devel-windows-ix86+x86_64 3.1.1.1 8.00 59.00 67.00 OK
r-patched-linux-x86_64 3.1.1.1 3.76 37.70 41.46 OK
r-patched-solaris-x86 3.1.1.1 76.20 NOTE
r-release-linux-x86_64 3.1.1.1 4.83 37.96 42.79 OK
r-release-macos-x86_64 3.1.1.1 NOTE
r-release-windows-ix86+x86_64 3.1.1.1 8.00 58.00 66.00 OK
r-oldrel-macos-x86_64 3.1.1.1 NOTE
r-oldrel-windows-ix86+x86_64 3.1.1.1 4.00 52.00 56.00 OK

Check Details

Version: 3.1.1.1
Check: package dependencies
Result: NOTE
    Package suggested but not available for checking: ‘BRugs’
Flavors: r-patched-solaris-x86, r-release-macos-x86_64, r-oldrel-macos-x86_64