CRAN Package Check Results for Package IRISSeismic

Last updated on 2020-06-01 13:49:38 CEST.

Flavor Version Tinstall Tcheck Ttotal Status Flags
r-devel-linux-x86_64-debian-clang 1.5.2 16.07 58.81 74.88 OK
r-devel-linux-x86_64-debian-gcc 1.5.2 12.04 45.13 57.17 ERROR
r-devel-linux-x86_64-fedora-clang 1.5.2 99.12 OK
r-devel-linux-x86_64-fedora-gcc 1.5.2 89.16 OK
r-devel-windows-ix86+x86_64 1.5.2 84.00 176.00 260.00 OK
r-patched-linux-x86_64 1.5.2 14.15 58.98 73.13 OK
r-patched-solaris-x86 1.5.2 124.00 OK
r-release-linux-x86_64 1.5.2 14.82 58.27 73.09 OK
r-release-osx-x86_64 1.5.2 OK
r-release-windows-ix86+x86_64 1.5.2 66.00 178.00 244.00 OK
r-oldrel-osx-x86_64 1.5.2 OK
r-oldrel-windows-ix86+x86_64 1.5.2 76.00 154.00 230.00 OK

Check Details

Version: 1.5.2
Check: examples
Result: ERROR
    Running examples in ‘IRISSeismic-Ex.R’ failed
    The error most likely occurred in:
    
    > base::assign(".ptime", proc.time(), pos = "CheckExEnv")
    > ### Name: getDataAvailability
    > ### Title: Retrieve miniseed trace extents from IRIS DMC
    > ### Aliases: getDataAvailability
    > ### getDataAvailability,IrisClient,character,character,character,character,POSIXct,POSIXct-method
    > ### Keywords: webservices
    >
    > ### ** Examples
    >
    > # Open a connection to IRIS DMC webservices
    > iris <- new("IrisClient")
    >
    > starttime <- as.POSIXct("2018-01-01",tz="GMT")
    > endtime <- as.POSIXct("2019-01-01",tz="GMT")
    > network <- "TA"
    > station <- "M22K"
    > channel <- "BHZ"
    >
    > traceList <- getDataAvailability(iris,network,station,"*",channel,starttime,endtime)
    Error in getDataAvailability.IrisClient(obj, network, station, location, :
     getDataAvailability.IrisClient: Unexpected http status code 500 Error 500: Unexpected Error summary restriction has not been populated: TA.M22K..BHZ.M:40.0, 40.0, updated: 2020-05-31T08:21:11.000000, earliest2015-05-05T22:41:23.525000, latest: 2020-05-30T23:59:59.975000, ranges: 134, data-offset: 18791880096, days: 1693, restriction: ERROR, hasOverlaps: false
    
    Request:
    http://service.iris.edu/fdsnws/availability/1/query?net=TA&sta=M22K&loc=*&cha=BHZ&starttime=2018-01-01T00:00:00.000000&endtime=2019-01-01T00:00:00.000000&format=geocsv&merge=quality,overlap&in http://service.iris.edu/fdsnws/availability/1/query?net=TA&sta=M22K&loc=*&cha=BHZ&starttime=2018-01-01T00:00:00.000000&endtime=2019-01-01T00:00:00.000000&format=geocsv&merge=quality,overlap&includerestricted=TRUE
    Calls: getDataAvailability ... getDataAvailability -> getDataAvailability.IrisClient
    Execution halted
Flavor: r-devel-linux-x86_64-debian-gcc