CRAN Package Check Results for Package IRISSeismic

Last updated on 2022-10-06 06:49:36 CEST.

Flavor Version Tinstall Tcheck Ttotal Status Flags
r-devel-linux-x86_64-debian-clang 1.6.5 14.09 69.94 84.03 OK
r-devel-linux-x86_64-debian-gcc 1.6.5 14.16 46.93 61.09 ERROR
r-devel-linux-x86_64-fedora-clang 1.6.5 111.29 ERROR
r-devel-linux-x86_64-fedora-gcc 1.6.5 103.51 ERROR
r-devel-windows-x86_64 1.6.5 199.00 153.00 352.00 ERROR
r-patched-linux-x86_64 1.6.5 12.80 65.12 77.92 OK
r-release-linux-x86_64 1.6.5 14.50 66.29 80.79 OK
r-release-macos-arm64 1.6.5 73.00 OK
r-release-macos-x86_64 1.6.5 154.00 OK
r-release-windows-x86_64 1.6.5 186.00 224.00 410.00 OK
r-oldrel-macos-arm64 1.6.5 128.00 OK
r-oldrel-macos-x86_64 1.6.5 122.00 OK
r-oldrel-windows-ix86+x86_64 1.6.5 80.00 183.00 263.00 OK

Check Details

Version: 1.6.5
Check: re-building of vignette outputs
Result: ERROR
    Error(s) in re-building vignettes:
     ...
    --- re-building ‘IRISSeismic-intro.Rmd’ using rmarkdown
    Quitting from lines 80-89 (IRISSeismic-intro.Rmd)
    Error: processing vignette ‘IRISSeismic-intro.Rmd’ failed with diagnostics:
    do not know how to convert ‘e’ to class "POSIXct"
    --- failed re-building ‘IRISSeismic-intro.Rmd’
    
    SUMMARY: processing the following file failed:
     ‘IRISSeismic-intro.Rmd’
    
    Error: Vignette re-building failed.
    Execution halted
Flavor: r-devel-linux-x86_64-debian-gcc

Version: 1.6.5
Check: re-building of vignette outputs
Result: ERROR
    Error(s) in re-building vignettes:
    --- re-building ‘IRISSeismic-intro.Rmd’ using rmarkdown
    Quitting from lines 80-89 (IRISSeismic-intro.Rmd)
    Error: processing vignette 'IRISSeismic-intro.Rmd' failed with diagnostics:
    do not know how to convert 'e' to class "POSIXct"
    --- failed re-building ‘IRISSeismic-intro.Rmd’
    
    SUMMARY: processing the following file failed:
     ‘IRISSeismic-intro.Rmd’
    
    Error: Vignette re-building failed.
    Execution halted
Flavors: r-devel-linux-x86_64-fedora-clang, r-devel-linux-x86_64-fedora-gcc, r-devel-windows-x86_64