CRAN Package Check Results for Package IMmailgun

Last updated on 2022-10-02 00:55:10 CEST.

Flavor Version Tinstall Tcheck Ttotal Status Flags
r-devel-linux-x86_64-debian-clang 0.1.2 2.92 20.41 23.33 NOTE
r-devel-linux-x86_64-debian-gcc 0.1.2 2.29 15.81 18.10 NOTE
r-devel-linux-x86_64-fedora-clang 0.1.2 39.95 NOTE
r-devel-linux-x86_64-fedora-gcc 0.1.2 39.18 NOTE
r-devel-windows-x86_64 0.1.2 6.00 45.00 51.00 NOTE
r-patched-linux-x86_64 0.1.2 1.97 19.56 21.53 NOTE
r-release-linux-x86_64 0.1.2 2.21 19.15 21.36 NOTE
r-release-macos-arm64 0.1.2 15.00 NOTE
r-release-macos-x86_64 0.1.2 18.00 NOTE
r-release-windows-x86_64 0.1.2 6.00 46.00 52.00 NOTE
r-oldrel-macos-arm64 0.1.2 18.00 NOTE
r-oldrel-macos-x86_64 0.1.2 25.00 NOTE
r-oldrel-windows-ix86+x86_64 0.1.2 5.00 42.00 47.00 NOTE

Check Details

Version: 0.1.2
Check: LazyData
Result: NOTE
     'LazyData' is specified without a 'data' directory
Flavors: r-devel-linux-x86_64-debian-clang, r-devel-linux-x86_64-debian-gcc, r-devel-linux-x86_64-fedora-clang, r-devel-linux-x86_64-fedora-gcc, r-devel-windows-x86_64, r-patched-linux-x86_64, r-release-linux-x86_64, r-release-macos-arm64, r-release-macos-x86_64, r-release-windows-x86_64, r-oldrel-macos-arm64, r-oldrel-macos-x86_64, r-oldrel-windows-ix86+x86_64