CRAN Package Check Results for Package IDSA

Last updated on 2022-08-12 21:53:04 CEST.

Flavor Version Tinstall Tcheck Ttotal Status Flags
r-devel-linux-x86_64-debian-clang 2.1 6.18 73.98 80.16 OK
r-devel-linux-x86_64-debian-gcc 2.1 5.92 55.73 61.65 OK
r-devel-linux-x86_64-fedora-clang 2.1 111.66 NOTE
r-devel-linux-x86_64-fedora-gcc 2.1 104.15 NOTE
r-devel-windows-x86_64 2.1 11.00 110.00 121.00 OK
r-patched-linux-x86_64 2.1 5.32 68.65 73.97 OK
r-release-linux-x86_64 2.1 6.73 68.25 74.98 OK
r-release-macos-arm64 2.1 32.00 NOTE
r-release-macos-x86_64 2.1 63.00 NOTE
r-release-windows-x86_64 2.1 17.00 109.00 126.00 OK
r-oldrel-macos-arm64 2.1 37.00 NOTE
r-oldrel-macos-x86_64 2.1 46.00 NOTE
r-oldrel-windows-ix86+x86_64 2.1 18.00 101.00 119.00 OK

Check Details

Version: 2.1
Check: dependencies in R code
Result: NOTE
    Namespace in Imports field not imported from: ‘kableExtra’
     All declared Imports should be used.
Flavors: r-devel-linux-x86_64-fedora-clang, r-devel-linux-x86_64-fedora-gcc, r-release-macos-arm64, r-release-macos-x86_64, r-oldrel-macos-arm64, r-oldrel-macos-x86_64