CRAN Package Check Results for Package ICD10gm

Last updated on 2020-05-28 07:47:58 CEST.

Flavor Version Tinstall Tcheck Ttotal Status Flags
r-devel-linux-x86_64-debian-clang 1.1 25.13 153.46 178.59 OK
r-devel-linux-x86_64-debian-gcc 1.1 21.27 113.62 134.89 OK
r-devel-linux-x86_64-fedora-clang 1.1 232.14 NOTE
r-devel-linux-x86_64-fedora-gcc 1.1 218.20 NOTE
r-devel-windows-ix86+x86_64 1.1 44.00 198.00 242.00 NOTE
r-patched-linux-x86_64 1.1 24.74 156.60 181.34 OK
r-patched-solaris-x86 1.1 339.70 NOTE
r-release-linux-x86_64 1.1 24.67 154.70 179.37 OK
r-release-osx-x86_64 1.1 NOTE
r-release-windows-ix86+x86_64 1.1 47.00 198.00 245.00 NOTE
r-oldrel-osx-x86_64 1.1 NOTE
r-oldrel-windows-ix86+x86_64 1.1 40.00 153.00 193.00 NOTE

Check Details

Version: 1.1
Check: installed package size
Result: NOTE
     installed size is 8.2Mb
     sub-directories of 1Mb or more:
     data 7.3Mb
Flavors: r-devel-linux-x86_64-fedora-clang, r-devel-windows-ix86+x86_64, r-patched-solaris-x86, r-release-osx-x86_64, r-release-windows-ix86+x86_64, r-oldrel-osx-x86_64, r-oldrel-windows-ix86+x86_64

Version: 1.1
Check: data for non-ASCII characters
Result: NOTE
     Note: found 277935 marked UTF-8 strings
Flavors: r-devel-linux-x86_64-fedora-clang, r-devel-linux-x86_64-fedora-gcc, r-patched-solaris-x86, r-release-osx-x86_64, r-oldrel-osx-x86_64