CRAN Package Check Results for Package IAPWS95

Last updated on 2020-05-30 07:49:23 CEST.

Flavor Version Tinstall Tcheck Ttotal Status Flags
r-devel-linux-x86_64-debian-clang 1.1.0 9.34 37.61 46.95 OK
r-devel-linux-x86_64-debian-gcc 1.1.0 9.07 29.64 38.71 OK
r-devel-linux-x86_64-fedora-clang 1.1.0 61.82 NOTE
r-devel-linux-x86_64-fedora-gcc 1.1.0 57.98 NOTE
r-devel-windows-ix86+x86_64 1.1.0 34.00 90.00 124.00 OK
r-patched-linux-x86_64 1.1.0 9.47 38.18 47.65 OK
r-patched-solaris-x86 1.1.0 1896.40 ERROR
r-release-linux-x86_64 1.1.0 10.43 37.78 48.21 OK
r-release-osx-x86_64 1.1.0 NOTE
r-release-windows-ix86+x86_64 1.1.0 24.00 93.00 117.00 OK
r-oldrel-osx-x86_64 1.1.0 NOTE
r-oldrel-windows-ix86+x86_64 1.1.0 24.00 72.00 96.00 OK

Additional issues

LTO

Check Details

Version: 1.1.0
Check: dependencies in R code
Result: NOTE
    Namespaces in Imports field not imported from:
     ‘Rcpp’ ‘ggplot2’ ‘pander’
     All declared Imports should be used.
Flavors: r-devel-linux-x86_64-fedora-clang, r-devel-linux-x86_64-fedora-gcc, r-patched-solaris-x86, r-release-osx-x86_64, r-oldrel-osx-x86_64

Version: 1.1.0
Check: data for non-ASCII characters
Result: NOTE
     Note: found 3 marked UTF-8 strings
Flavors: r-devel-linux-x86_64-fedora-clang, r-devel-linux-x86_64-fedora-gcc, r-patched-solaris-x86, r-release-osx-x86_64, r-oldrel-osx-x86_64

Version: 1.1.0
Check: examples
Result: ERROR
    Running examples in ‘IAPWS95-Ex.R’ failed
    The error most likely occurred in:
    
    > ### Name: TDh
    > ### Title: Temperature, Function of Density and Enthalpy
    > ### Aliases: TDh
    >
    > ### ** Examples
    >
    > D <- 838.025
    > h <- 977.181624
    > T_Dh <- TDh(D,h)
Flavor: r-patched-solaris-x86

Version: 1.1.0
Check: for non-standard things in the check directory
Result: NOTE
    Found the following files/directories:
     ‘core’
Flavor: r-patched-solaris-x86