CRAN Package Check Results for Package HydeNet

Last updated on 2022-09-29 19:48:56 CEST.

Flavor Version Tinstall Tcheck Ttotal Status Flags
r-devel-linux-x86_64-debian-clang 0.10.11 11.04 135.43 146.47 OK
r-devel-linux-x86_64-debian-gcc 0.10.11 9.69 100.15 109.84 OK
r-devel-linux-x86_64-fedora-clang 0.10.11 187.78 NOTE
r-devel-linux-x86_64-fedora-gcc 0.10.11 180.97 NOTE
r-devel-windows-x86_64 0.10.11 59.00 184.00 243.00 OK
r-patched-linux-x86_64 0.10.11 9.80 124.47 134.27 OK
r-release-linux-x86_64 0.10.11 7.26 124.65 131.91 OK
r-release-macos-arm64 0.10.11 58.00 NOTE
r-release-macos-x86_64 0.10.11 78.00 NOTE
r-release-windows-x86_64 0.10.11 63.00 184.00 247.00 OK
r-oldrel-macos-arm64 0.10.11 52.00 NOTE
r-oldrel-macos-x86_64 0.10.11 98.00 NOTE
r-oldrel-windows-ix86+x86_64 0.10.11 24.00 176.00 200.00 OK

Check Details

Version: 0.10.11
Check: dependencies in R code
Result: NOTE
    Namespace in Imports field not imported from: ‘graph’
     All declared Imports should be used.
Flavors: r-devel-linux-x86_64-fedora-clang, r-devel-linux-x86_64-fedora-gcc, r-release-macos-arm64, r-release-macos-x86_64, r-oldrel-macos-arm64, r-oldrel-macos-x86_64