Last updated on 2022-08-12 00:49:49 CEST.
Flavor | Version | Tinstall | Tcheck | Ttotal | Status | Flags |
---|---|---|---|---|---|---|
r-devel-linux-x86_64-debian-clang | 0.1.1 | 7.38 | 106.93 | 114.31 | OK | |
r-devel-linux-x86_64-debian-gcc | 0.1.2 | 6.82 | 73.14 | 79.96 | OK | |
r-devel-linux-x86_64-fedora-clang | 0.1.2 | 154.72 | NOTE | |||
r-devel-linux-x86_64-fedora-gcc | 0.1.2 | 151.72 | NOTE | |||
r-devel-windows-x86_64 | 0.1.2 | 78.00 | 181.00 | 259.00 | OK | |
r-patched-linux-x86_64 | 0.1.1 | 7.12 | 99.52 | 106.64 | OK | |
r-release-linux-x86_64 | 0.1.2 | 7.76 | 91.56 | 99.32 | OK | |
r-release-macos-arm64 | 0.1.1 | 50.00 | OK | |||
r-release-macos-x86_64 | 0.1.2 | 63.00 | NOTE | |||
r-release-windows-x86_64 | 0.1.2 | 41.00 | 152.00 | 193.00 | OK | |
r-oldrel-macos-arm64 | 0.1.1 | 48.00 | OK | |||
r-oldrel-macos-x86_64 | 0.1.2 | 68.00 | NOTE | |||
r-oldrel-windows-ix86+x86_64 | 0.1.2 | 23.00 | 118.00 | 141.00 | OK |
Version: 0.1.2
Check: dependencies in R code
Result: NOTE
Namespace in Imports field not imported from: ‘purrr’
All declared Imports should be used.
Flavors: r-devel-linux-x86_64-fedora-clang, r-devel-linux-x86_64-fedora-gcc, r-release-macos-x86_64, r-oldrel-macos-x86_64