CRAN Package Check Results for Package HighDimOut

Last updated on 2020-05-25 01:48:54 CEST.

Flavor Version Tinstall Tcheck Ttotal Status Flags
r-devel-linux-x86_64-debian-clang 1.0.0 4.91 71.00 75.91 NOTE
r-devel-linux-x86_64-debian-gcc 1.0.0 3.67 53.49 57.16 NOTE
r-devel-linux-x86_64-fedora-clang 1.0.0 90.71 NOTE
r-devel-linux-x86_64-fedora-gcc 1.0.0 86.56 NOTE
r-devel-windows-ix86+x86_64 1.0.0 29.00 89.00 118.00 NOTE
r-patched-linux-x86_64 1.0.0 4.53 69.20 73.73 NOTE
r-patched-solaris-x86 1.0.0 118.90 NOTE
r-release-linux-x86_64 1.0.0 4.33 68.90 73.23 NOTE
r-release-osx-x86_64 1.0.0 NOTE
r-release-windows-ix86+x86_64 1.0.0 12.00 116.00 128.00 NOTE
r-oldrel-osx-x86_64 1.0.0 NOTE
r-oldrel-windows-ix86+x86_64 1.0.0 12.00 101.00 113.00 NOTE

Check Details

Version: 1.0.0
Check: R code for possible problems
Result: NOTE
    Func.ABOD: no visible global function definition for 'combn'
    Func.ABOD: no visible global function definition for 'var'
    Func.SOD: no visible global function definition for 'var'
    Func.trans : erf: no visible global function definition for 'pnorm'
    Func.trans: no visible global function definition for 'sd'
    Undefined global functions or variables:
     combn pnorm sd var
    Consider adding
     importFrom("stats", "pnorm", "sd", "var")
     importFrom("utils", "combn")
    to your NAMESPACE file.
Flavors: r-devel-linux-x86_64-debian-clang, r-devel-linux-x86_64-debian-gcc, r-devel-linux-x86_64-fedora-clang, r-devel-linux-x86_64-fedora-gcc, r-devel-windows-ix86+x86_64, r-patched-linux-x86_64, r-patched-solaris-x86, r-release-linux-x86_64, r-release-osx-x86_64, r-release-windows-ix86+x86_64, r-oldrel-osx-x86_64, r-oldrel-windows-ix86+x86_64