CRAN Package Check Results for Package HierPortfolios

Last updated on 2022-09-29 06:54:23 CEST.

Flavor Version Tinstall Tcheck Ttotal Status Flags
r-devel-linux-x86_64-debian-clang 0.1.0 2.60 24.79 27.39 OK
r-devel-linux-x86_64-debian-gcc 0.1.0 1.91 19.60 21.51 OK
r-devel-linux-x86_64-fedora-clang 0.1.0 45.13 NOTE
r-devel-linux-x86_64-fedora-gcc 0.1.0 43.07 NOTE
r-devel-windows-x86_64 0.1.0 10.00 59.00 69.00 OK
r-patched-linux-x86_64 0.1.0 1.71 24.49 26.20 OK
r-release-linux-x86_64 0.1.0 1.51 24.13 25.64 OK
r-release-macos-arm64 0.1.0 17.00 NOTE
r-release-macos-x86_64 0.1.0 27.00 NOTE
r-release-windows-x86_64 0.1.0 10.00 56.00 66.00 OK
r-oldrel-macos-arm64 0.1.0 16.00 NOTE
r-oldrel-macos-x86_64 0.1.0 23.00 NOTE
r-oldrel-windows-ix86+x86_64 0.1.0 7.00 48.00 55.00 OK

Check Details

Version: 0.1.0
Check: dependencies in R code
Result: NOTE
    Namespace in Imports field not imported from: ‘RiskPortfolios’
     All declared Imports should be used.
Flavors: r-devel-linux-x86_64-fedora-clang, r-devel-linux-x86_64-fedora-gcc, r-release-macos-arm64, r-release-macos-x86_64, r-oldrel-macos-arm64, r-oldrel-macos-x86_64