CRAN Package Check Results for Package HiResTEC

Last updated on 2020-10-21 13:49:55 CEST.

Flavor Version Tinstall Tcheck Ttotal Status Flags
r-devel-linux-x86_64-debian-clang 0.59 7.89 51.11 59.00 OK
r-devel-linux-x86_64-debian-gcc 0.59 5.91 39.88 45.79 OK
r-devel-linux-x86_64-fedora-clang 0.59 77.31 OK
r-devel-linux-x86_64-fedora-gcc 0.59 68.66 OK
r-devel-windows-ix86+x86_64 0.59 21.00 81.00 102.00 OK
r-patched-linux-x86_64 0.59 6.56 47.22 53.78 OK
r-patched-solaris-x86 0.59 113.30 OK
r-release-linux-x86_64 0.59 7.04 47.39 54.43 OK
r-release-macos-x86_64 0.59 ERROR
r-release-windows-ix86+x86_64 0.59 18.00 87.00 105.00 OK
r-oldrel-macos-x86_64 0.59 OK
r-oldrel-windows-ix86+x86_64 0.59 15.00 88.00 103.00 OK

Check Details

Version: 0.59
Check: package dependencies
Result: ERROR
    Packages required but not available: 'InterpretMSSpectrum', 'Rdisop'
    
    See section ‘The DESCRIPTION file’ in the ‘Writing R Extensions’
    manual.
Flavor: r-release-macos-x86_64