CRAN Package Check Results for Package HiCfeat

Last updated on 2020-07-07 02:08:26 CEST.

Flavor Version Tinstall Tcheck Ttotal Status Flags
r-devel-linux-x86_64-debian-clang 1.4 33.88 291.16 325.04 OK
r-devel-linux-x86_64-debian-gcc 1.4 29.19 215.64 244.83 OK
r-devel-linux-x86_64-fedora-clang 1.4 406.17 OK
r-devel-linux-x86_64-fedora-gcc 1.4 388.15 OK
r-devel-windows-ix86+x86_64 1.4 56.00 260.00 316.00 OK
r-patched-linux-x86_64 1.4 34.60 275.19 309.79 OK
r-patched-solaris-x86 1.4 539.60 OK
r-release-linux-x86_64 1.4 31.93 272.28 304.21 OK
r-release-osx-x86_64 1.4 OK
r-release-windows-ix86+x86_64 1.4 58.00 248.00 306.00 OK
r-oldrel-osx-x86_64 1.4 ERROR
r-oldrel-windows-ix86+x86_64 1.4 62.00 334.00 396.00 OK

Check Details

Version: 1.4
Check: whether package can be installed
Result: ERROR
    Installation failed.
Flavor: r-oldrel-osx-x86_64