CRAN Package Check Results for Package HeritSeq

Last updated on 2020-05-29 07:53:58 CEST.

Flavor Version Tinstall Tcheck Ttotal Status Flags
r-devel-linux-x86_64-debian-clang 1.0.1 29.85 272.60 302.45 NOTE
r-devel-linux-x86_64-debian-gcc 1.0.1 27.08 209.10 236.18 NOTE
r-devel-linux-x86_64-fedora-clang 1.0.1 392.64 NOTE
r-devel-linux-x86_64-fedora-gcc 1.0.1 384.50 NOTE
r-devel-windows-ix86+x86_64 1.0.1 86.00 329.00 415.00 NOTE
r-patched-linux-x86_64 1.0.1 31.34 267.28 298.62 NOTE
r-patched-solaris-x86 1.0.1 554.10 NOTE
r-release-linux-x86_64 1.0.1 32.81 269.34 302.15 NOTE
r-release-osx-x86_64 1.0.1 NOTE
r-release-windows-ix86+x86_64 1.0.1 70.00 344.00 414.00 NOTE
r-oldrel-osx-x86_64 1.0.1 ERROR
r-oldrel-windows-ix86+x86_64 1.0.1 67.00 275.00 342.00 NOTE

Check Details

Version: 1.0.1
Check: package dependencies
Result: NOTE
    Package suggested but not available for checking: 'glmmADMB'
Flavors: r-devel-linux-x86_64-debian-clang, r-devel-linux-x86_64-debian-gcc, r-devel-linux-x86_64-fedora-clang, r-devel-linux-x86_64-fedora-gcc, r-devel-windows-ix86+x86_64, r-patched-linux-x86_64, r-patched-solaris-x86, r-release-linux-x86_64, r-release-osx-x86_64, r-release-windows-ix86+x86_64, r-oldrel-osx-x86_64, r-oldrel-windows-ix86+x86_64

Version: 1.0.1
Check: whether package can be installed
Result: ERROR
    Installation failed.
Flavor: r-oldrel-osx-x86_64