CRAN Package Check Results for Package HTLR

Last updated on 2020-08-10 22:49:32 CEST.

Flavor Version Tinstall Tcheck Ttotal Status Flags
r-devel-linux-x86_64-debian-clang 0.4-2 102.36 77.06 179.42 OK --no-vignettes
r-devel-linux-x86_64-debian-gcc 0.4-2 71.93 57.49 129.42 OK --no-vignettes
r-devel-linux-x86_64-fedora-clang 0.4-2 550.41 NOTE
r-devel-linux-x86_64-fedora-gcc 0.4-2 569.63 OK
r-devel-windows-ix86+x86_64 0.4-2 237.00 366.00 603.00 OK
r-patched-linux-x86_64 0.4-2 76.97 73.47 150.44 OK --no-vignettes
r-patched-solaris-x86 0.4-2 477.90 OK
r-release-linux-x86_64 0.4-2 70.75 73.87 144.62 OK --no-vignettes
r-release-macos-x86_64 0.4-2 NOTE
r-release-windows-ix86+x86_64 0.4-2 245.00 350.00 595.00 OK
r-oldrel-macos-x86_64 0.4-2 NOTE
r-oldrel-windows-ix86+x86_64 0.4-2 158.00 263.00 421.00 OK

Check Details

Version: 0.4-2
Check: installed package size
Result: NOTE
     installed size is 5.9Mb
     sub-directories of 1Mb or more:
     doc 1.0Mb
     libs 3.7Mb
Flavors: r-devel-linux-x86_64-fedora-clang, r-release-macos-x86_64, r-oldrel-macos-x86_64