CRAN Package Check Results for Package HMMmlselect

Last updated on 2024-06-24 21:56:48 CEST.

Flavor Version Tinstall Tcheck Ttotal Status Flags
r-devel-linux-x86_64-debian-clang 0.1.6 28.11 97.25 125.36 NOTE
r-devel-linux-x86_64-debian-gcc 0.1.6 23.67 72.62 96.29 NOTE
r-devel-linux-x86_64-fedora-clang 0.1.6 166.38 NOTE
r-devel-linux-x86_64-fedora-gcc 0.1.6 165.85 NOTE
r-devel-windows-x86_64 0.1.6 30.00 126.00 156.00 NOTE
r-patched-linux-x86_64 0.1.6 27.73 92.85 120.58 NOTE
r-release-linux-x86_64 0.1.6 27.69 92.83 120.52 NOTE
r-release-macos-arm64 0.1.6 48.00 NOTE
r-release-macos-x86_64 0.1.6 85.00 NOTE
r-release-windows-x86_64 0.1.6 28.00 129.00 157.00 NOTE
r-oldrel-macos-arm64 0.1.6 53.00 NOTE
r-oldrel-macos-x86_64 0.1.6 81.00 NOTE
r-oldrel-windows-x86_64 0.1.6 34.00 143.00 177.00 NOTE

Check Details

Version: 0.1.6
Check: C++ specification
Result: NOTE Specified C++11: please drop specification unless essential Flavors: r-devel-linux-x86_64-debian-clang, r-devel-linux-x86_64-debian-gcc, r-devel-linux-x86_64-fedora-clang, r-devel-linux-x86_64-fedora-gcc, r-devel-windows-x86_64, r-patched-linux-x86_64, r-release-linux-x86_64, r-release-macos-arm64, r-release-macos-x86_64, r-release-windows-x86_64, r-oldrel-macos-arm64, r-oldrel-macos-x86_64, r-oldrel-windows-x86_64

Version: 0.1.6
Check: LazyData
Result: NOTE 'LazyData' is specified without a 'data' directory Flavors: r-devel-linux-x86_64-debian-clang, r-devel-linux-x86_64-debian-gcc, r-devel-linux-x86_64-fedora-clang, r-devel-linux-x86_64-fedora-gcc, r-devel-windows-x86_64, r-patched-linux-x86_64, r-release-linux-x86_64, r-release-macos-arm64, r-release-macos-x86_64, r-release-windows-x86_64, r-oldrel-macos-arm64, r-oldrel-macos-x86_64, r-oldrel-windows-x86_64