CRAN Package Check Results for Package HMMEsolver

Last updated on 2022-10-04 07:49:49 CEST.

Flavor Version Tinstall Tcheck Ttotal Status Flags
r-devel-linux-x86_64-debian-clang 0.1.2 51.14 29.55 80.69 NOTE
r-devel-linux-x86_64-debian-gcc 0.1.2 37.15 23.41 60.56 NOTE
r-devel-linux-x86_64-fedora-clang 0.1.2 134.14 NOTE
r-devel-linux-x86_64-fedora-gcc 0.1.2 115.57 NOTE
r-devel-windows-x86_64 0.1.2 50.00 73.00 123.00 NOTE
r-patched-linux-x86_64 0.1.2 44.01 27.77 71.78 NOTE
r-release-linux-x86_64 0.1.2 47.47 27.99 75.46 NOTE
r-release-macos-arm64 0.1.2 34.00 NOTE
r-release-macos-x86_64 0.1.2 41.00 NOTE
r-release-windows-x86_64 0.1.2 57.00 73.00 130.00 NOTE
r-oldrel-macos-arm64 0.1.2 36.00 NOTE
r-oldrel-macos-x86_64 0.1.2 55.00 NOTE
r-oldrel-windows-ix86+x86_64 0.1.2 137.00 83.00 220.00 NOTE

Check Details

Version: 0.1.2
Check: LazyData
Result: NOTE
     'LazyData' is specified without a 'data' directory
Flavors: r-devel-linux-x86_64-debian-clang, r-devel-linux-x86_64-debian-gcc, r-devel-linux-x86_64-fedora-clang, r-devel-linux-x86_64-fedora-gcc, r-devel-windows-x86_64, r-patched-linux-x86_64, r-release-linux-x86_64, r-release-macos-arm64, r-release-macos-x86_64, r-release-windows-x86_64, r-oldrel-macos-arm64, r-oldrel-macos-x86_64, r-oldrel-windows-ix86+x86_64