CRAN Package Check Results for Package HMDHFDplus

Last updated on 2022-10-07 00:49:23 CEST.

Flavor Version Tinstall Tcheck Ttotal Status Flags
r-devel-linux-x86_64-debian-clang 1.9.18 4.70 37.93 42.63 NOTE
r-devel-linux-x86_64-debian-gcc 1.9.18 4.08 31.30 35.38 NOTE
r-devel-linux-x86_64-fedora-clang 1.9.18 68.89 NOTE
r-devel-linux-x86_64-fedora-gcc 1.9.18 62.61 NOTE
r-devel-windows-x86_64 1.9.18 25.00 67.00 92.00 NOTE
r-patched-linux-x86_64 1.9.18 3.77 38.35 42.12 OK
r-release-linux-x86_64 1.9.18 5.07 37.87 42.94 OK
r-release-macos-arm64 1.9.18 21.00 OK
r-release-macos-x86_64 1.9.18 31.00 OK
r-release-windows-x86_64 1.9.18 21.00 66.00 87.00 OK
r-oldrel-macos-arm64 1.9.18 20.00 OK
r-oldrel-macos-x86_64 1.9.18 26.00 OK
r-oldrel-windows-ix86+x86_64 1.9.18 11.00 62.00 73.00 OK

Check Details

Version: 1.9.18
Check: package subdirectories
Result: NOTE
    Problems with news in 'NEWS.md':
    No news entries found.
Flavors: r-devel-linux-x86_64-debian-clang, r-devel-linux-x86_64-debian-gcc, r-devel-linux-x86_64-fedora-clang, r-devel-linux-x86_64-fedora-gcc, r-devel-windows-x86_64