Last updated on 2023-12-11 18:53:30 CET.
Flavor | Version | Tinstall | Tcheck | Ttotal | Status | Flags |
---|---|---|---|---|---|---|
r-devel-linux-x86_64-debian-clang | 2.2.1 | 11.72 | 120.30 | 132.02 | NOTE | |
r-devel-linux-x86_64-debian-gcc | 2.2.1 | 11.94 | 89.17 | 101.11 | NOTE | |
r-devel-linux-x86_64-fedora-clang | 2.2.1 | 165.17 | OK | |||
r-devel-linux-x86_64-fedora-gcc | 2.2.1 | 157.54 | OK | |||
r-devel-windows-x86_64 | 2.2.1 | 14.00 | 99.00 | 113.00 | OK | |
r-patched-linux-x86_64 | 2.2.1 | 17.18 | 114.41 | 131.59 | OK | |
r-release-linux-x86_64 | 2.2.1 | 10.05 | 114.00 | 124.05 | OK | |
r-release-macos-arm64 | 2.2.1 | 62.00 | OK | |||
r-release-macos-x86_64 | 2.2.1 | 98.00 | OK | |||
r-release-windows-x86_64 | 2.2.1 | 18.00 | 123.00 | 141.00 | OK | |
r-oldrel-macos-arm64 | 2.2.1 | 52.00 | OK | |||
r-oldrel-macos-x86_64 | 2.2.1 | 74.00 | OK | |||
r-oldrel-windows-x86_64 | 2.2.1 | 18.00 | 124.00 | 142.00 | OK |
Version: 2.2.1
Check: Rd files
Result: NOTE
checkRd: (-1) dblassoHIMA.Rd:47: Lost braces in \itemize; \value handles \item{}{} directly
checkRd: (-1) dblassoHIMA.Rd:48: Lost braces in \itemize; \value handles \item{}{} directly
checkRd: (-1) dblassoHIMA.Rd:49: Lost braces in \itemize; \value handles \item{}{} directly
checkRd: (-1) dblassoHIMA.Rd:50: Lost braces in \itemize; \value handles \item{}{} directly
checkRd: (-1) dblassoHIMA.Rd:51: Lost braces in \itemize; \value handles \item{}{} directly
checkRd: (-1) dblassoHIMA.Rd:52: Lost braces in \itemize; \value handles \item{}{} directly
checkRd: (-1) hima.Rd:69: Lost braces in \itemize; \value handles \item{}{} directly
checkRd: (-1) hima.Rd:70: Lost braces in \itemize; \value handles \item{}{} directly
checkRd: (-1) hima.Rd:71: Lost braces in \itemize; \value handles \item{}{} directly
checkRd: (-1) hima.Rd:72: Lost braces in \itemize; \value handles \item{}{} directly
checkRd: (-1) hima.Rd:73: Lost braces in \itemize; \value handles \item{}{} directly
checkRd: (-1) hima.Rd:74: Lost braces in \itemize; \value handles \item{}{} directly
checkRd: (-1) hima.Rd:75: Lost braces in \itemize; \value handles \item{}{} directly
checkRd: (-1) microHIMA.Rd:29: Lost braces in \itemize; \value handles \item{}{} directly
checkRd: (-1) microHIMA.Rd:30: Lost braces in \itemize; \value handles \item{}{} directly
checkRd: (-1) microHIMA.Rd:31: Lost braces in \itemize; \value handles \item{}{} directly
checkRd: (-1) microHIMA.Rd:32: Lost braces in \itemize; \value handles \item{}{} directly
checkRd: (-1) microHIMA.Rd:33: Lost braces in \itemize; \value handles \item{}{} directly
checkRd: (-1) microHIMA.Rd:34: Lost braces in \itemize; \value handles \item{}{} directly
checkRd: (-1) qHIMA.Rd:51: Lost braces in \itemize; \value handles \item{}{} directly
checkRd: (-1) qHIMA.Rd:52: Lost braces in \itemize; \value handles \item{}{} directly
checkRd: (-1) qHIMA.Rd:53: Lost braces in \itemize; \value handles \item{}{} directly
checkRd: (-1) qHIMA.Rd:54: Lost braces in \itemize; \value handles \item{}{} directly
checkRd: (-1) qHIMA.Rd:55: Lost braces in \itemize; \value handles \item{}{} directly
checkRd: (-1) qHIMA.Rd:56: Lost braces in \itemize; \value handles \item{}{} directly
checkRd: (-1) survHIMA.Rd:30: Lost braces in \itemize; \value handles \item{}{} directly
checkRd: (-1) survHIMA.Rd:31: Lost braces in \itemize; \value handles \item{}{} directly
checkRd: (-1) survHIMA.Rd:32: Lost braces in \itemize; \value handles \item{}{} directly
checkRd: (-1) survHIMA.Rd:33: Lost braces in \itemize; \value handles \item{}{} directly
checkRd: (-1) survHIMA.Rd:34: Lost braces in \itemize; \value handles \item{}{} directly
checkRd: (-1) survHIMA.Rd:35: Lost braces in \itemize; \value handles \item{}{} directly
Flavors: r-devel-linux-x86_64-debian-clang, r-devel-linux-x86_64-debian-gcc