CRAN Package Check Results for Package HDGLM

Last updated on 2020-05-24 22:48:06 CEST.

Flavor Version Tinstall Tcheck Ttotal Status Flags
r-devel-linux-x86_64-debian-clang 0.1 2.20 18.56 20.76 OK
r-devel-linux-x86_64-debian-gcc 0.1 1.80 14.90 16.70 OK
r-devel-linux-x86_64-fedora-clang 0.1 28.03 NOTE
r-devel-linux-x86_64-fedora-gcc 0.1 26.49 NOTE
r-devel-windows-ix86+x86_64 0.1 10.00 48.00 58.00 OK
r-patched-linux-x86_64 0.1 2.44 18.92 21.36 OK
r-patched-solaris-x86 0.1 41.50 OK
r-release-linux-x86_64 0.1 2.51 18.71 21.22 OK
r-release-osx-x86_64 0.1 OK
r-release-windows-ix86+x86_64 0.1 8.00 34.00 42.00 OK
r-oldrel-osx-x86_64 0.1 OK
r-oldrel-windows-ix86+x86_64 0.1 9.00 57.00 66.00 OK

Check Details

Version: 0.1
Check: compiled code
Result: NOTE
    File ‘HDGLM/libs/HDGLM.so’:
     Found no calls to: ‘R_registerRoutines’, ‘R_useDynamicSymbols’
    
    It is good practice to register native routines and to disable symbol
    search.
    
    See ‘Writing portable packages’ in the ‘Writing R Extensions’ manual.
Flavors: r-devel-linux-x86_64-fedora-clang, r-devel-linux-x86_64-fedora-gcc