Last updated on 2023-12-02 00:51:58 CET.
Flavor | Version | Tinstall | Tcheck | Ttotal | Status | Flags |
---|---|---|---|---|---|---|
r-devel-linux-x86_64-debian-clang | 1.1.3 | 24.35 | 97.12 | 121.47 | OK | |
r-devel-linux-x86_64-debian-gcc | 1.1.3 | 20.48 | 73.11 | 93.59 | OK | |
r-devel-linux-x86_64-fedora-clang | 1.1.3 | 150.54 | OK | |||
r-devel-linux-x86_64-fedora-gcc | 1.1.3 | 158.91 | OK | |||
r-devel-windows-x86_64 | 1.1.3 | 21.00 | 86.00 | 107.00 | OK | |
r-patched-linux-x86_64 | 1.1.3 | 20.22 | 94.00 | 114.22 | OK | |
r-release-linux-x86_64 | 1.1.3 | 19.56 | 94.14 | 113.70 | OK | |
r-release-macos-arm64 | 1.1.3 | 64.00 | OK | |||
r-release-macos-x86_64 | 1.1.3 | 83.00 | NOTE | |||
r-release-windows-x86_64 | 1.1.3 | 28.00 | 100.00 | 128.00 | OK | |
r-oldrel-macos-arm64 | 1.1.3 | 49.00 | OK | |||
r-oldrel-macos-x86_64 | 1.1.3 | 65.00 | OK | |||
r-oldrel-windows-x86_64 | 1.1.3 | 28.00 | 106.00 | 134.00 | OK |
Version: 1.1.3
Check: installed package size
Result: NOTE
installed size is 5.1Mb
sub-directories of 1Mb or more:
data 4.7Mb
Flavor: r-release-macos-x86_64