CRAN Package Check Results for Package HACSim

Last updated on 2022-10-01 12:56:13 CEST.

Flavor Version Tinstall Tcheck Ttotal Status Flags
r-devel-linux-x86_64-debian-clang 1.0.6-1 34.47 61.08 95.55 OK
r-devel-linux-x86_64-debian-gcc 1.0.6-1 25.63 45.41 71.04 OK
r-devel-linux-x86_64-fedora-clang 1.0.6-1 134.87 OK
r-devel-linux-x86_64-fedora-gcc 1.0.6-1 125.84 OK
r-devel-windows-x86_64 1.0.6-1 47.00 115.00 162.00 NOTE
r-patched-linux-x86_64 1.0.6-1 30.47 55.85 86.32 OK
r-release-linux-x86_64 1.0.6-1 31.29 55.92 87.21 OK
r-release-macos-arm64 1.0.6-1 37.00 NOTE
r-release-macos-x86_64 1.0.6-1 46.00 NOTE
r-release-windows-x86_64 1.0.6-1 137.00 112.00 249.00 NOTE
r-oldrel-macos-arm64 1.0.6-1 33.00 NOTE
r-oldrel-macos-x86_64 1.0.6-1 49.00 NOTE
r-oldrel-windows-ix86+x86_64 1.0.6-1 86.00 117.00 203.00 NOTE

Check Details

Version: 1.0.6-1
Check: installed package size
Result: NOTE
     installed size is 5.4Mb
     sub-directories of 1Mb or more:
     libs 1.0Mb
     shiny 4.3Mb
Flavors: r-devel-windows-x86_64, r-release-macos-arm64, r-release-macos-x86_64, r-release-windows-x86_64, r-oldrel-macos-arm64, r-oldrel-macos-x86_64, r-oldrel-windows-ix86+x86_64