CRAN Package Check Results for Package GuessCompx

Last updated on 2020-10-28 19:47:47 CET.

Flavor Version Tinstall Tcheck Ttotal Status Flags
r-devel-linux-x86_64-debian-clang 1.0.3 5.94 109.87 115.81 NOTE
r-devel-linux-x86_64-debian-gcc 1.0.3 4.44 82.70 87.14 NOTE
r-devel-linux-x86_64-fedora-clang 1.0.3 149.09 OK
r-devel-linux-x86_64-fedora-gcc 1.0.3 149.67 OK
r-devel-windows-ix86+x86_64 1.0.3 16.00 136.00 152.00 NOTE
r-patched-linux-x86_64 1.0.3 NOTE
r-patched-solaris-x86 1.0.3 179.70 OK
r-release-linux-x86_64 1.0.3 5.56 104.61 110.17 NOTE
r-release-macos-x86_64 1.0.3 OK
r-release-windows-ix86+x86_64 1.0.3 11.00 112.00 123.00 NOTE
r-oldrel-macos-x86_64 1.0.3 OK
r-oldrel-windows-ix86+x86_64 1.0.3 12.00 133.00 145.00 OK

Check Details

Version: 1.0.3
Check: package vignettes
Result: NOTE
    Package vignette with placeholder title 'Vignette Title':
     'GuessCompx.Rmd'
Flavors: r-devel-linux-x86_64-debian-clang, r-devel-linux-x86_64-debian-gcc, r-devel-windows-ix86+x86_64, r-patched-linux-x86_64, r-release-linux-x86_64, r-release-windows-ix86+x86_64