CRAN Package Check Results for Package Guerry

Last updated on 2024-06-13 00:55:16 CEST.

Flavor Version Tinstall Tcheck Ttotal Status Flags
r-devel-linux-x86_64-debian-clang 1.8.3 2.40 105.34 107.74 OK
r-devel-linux-x86_64-debian-gcc 1.8.3 1.25 27.02 28.27 ERROR
r-devel-linux-x86_64-fedora-clang 1.8.3 135.48 OK
r-devel-linux-x86_64-fedora-gcc 1.8.3 144.20 OK
r-devel-windows-x86_64 1.8.3 4.00 101.00 105.00 OK
r-patched-linux-x86_64 1.8.3 2.24 101.94 104.18 OK
r-release-linux-x86_64 1.8.3 1.48 100.85 102.33 OK
r-release-macos-arm64 1.8.3 41.00 OK
r-release-macos-x86_64 1.8.3 66.00 OK
r-release-windows-x86_64 1.8.3 3.00 99.00 102.00 OK
r-oldrel-macos-arm64 1.8.3 64.00 OK
r-oldrel-macos-x86_64 1.8.3 148.00 OK
r-oldrel-windows-x86_64 1.8.3 4.00 121.00 125.00 OK

Check Details

Version: 1.8.3
Check: package dependencies
Result: NOTE Packages suggested but not available for checking: 'adespatial', 'car', 'effects', 'ggplot2', 'ggpcp', 'ggrepel', 'heplots', 'patchwork', 'candisc', 'dplyr', 'tidyr' Flavor: r-devel-linux-x86_64-debian-gcc

Version: 1.8.3
Check: examples
Result: ERROR Running examples in ‘Guerry-Ex.R’ failed The error most likely occurred in: > base::assign(".ptime", proc.time(), pos = "CheckExEnv") > ### Name: Guerry > ### Title: Data from A.-M. Guerry, "Essay on the Moral Statistics of > ### France" > ### Aliases: Guerry > ### Keywords: datasets > > ### ** Examples > > library(car) Error in library(car) : there is no package called ‘car’ Execution halted Examples with CPU (user + system) or elapsed time > 5s user system elapsed Angeville 5.722 0.099 9.385 Flavor: r-devel-linux-x86_64-debian-gcc

Version: 1.8.3
Check: re-building of vignette outputs
Result: ERROR Error(s) in re-building vignettes: ... --- re-building ‘MultiSpat.Rmd’ using rmarkdown Quitting from lines 41-47 [unnamed-chunk-1] (MultiSpat.Rmd) Error: processing vignette 'MultiSpat.Rmd' failed with diagnostics: there is no package called 'adespatial' --- failed re-building ‘MultiSpat.Rmd’ --- re-building ‘guerry-multivariate.Rmd’ using rmarkdown Quitting from lines 52-63 [load] (guerry-multivariate.Rmd) Error: processing vignette 'guerry-multivariate.Rmd' failed with diagnostics: there is no package called 'car' --- failed re-building ‘guerry-multivariate.Rmd’ SUMMARY: processing the following files failed: ‘MultiSpat.Rmd’ ‘guerry-multivariate.Rmd’ Error: Vignette re-building failed. Execution halted Flavor: r-devel-linux-x86_64-debian-gcc