CRAN Package Check Results for Package GoogleKnowledgeGraphR

Last updated on 2022-09-30 12:55:09 CEST.

Flavor Version Tinstall Tcheck Ttotal Status Flags
r-devel-linux-x86_64-debian-clang 0.1.0 1.54 24.96 26.50 NOTE
r-devel-linux-x86_64-debian-gcc 0.1.0 1.78 19.53 21.31 NOTE
r-devel-linux-x86_64-fedora-clang 0.1.0 44.04 NOTE
r-devel-linux-x86_64-fedora-gcc 0.1.0 43.15 NOTE
r-devel-windows-x86_64 0.1.0 36.00 52.00 88.00 NOTE
r-patched-linux-x86_64 0.1.0 2.17 23.73 25.90 NOTE
r-release-linux-x86_64 0.1.0 2.28 23.86 26.14 NOTE
r-release-macos-arm64 0.1.0 18.00 NOTE
r-release-macos-x86_64 0.1.0 22.00 NOTE
r-release-windows-x86_64 0.1.0 57.00 50.00 107.00 NOTE
r-oldrel-macos-arm64 0.1.0 22.00 NOTE
r-oldrel-macos-x86_64 0.1.0 31.00 NOTE
r-oldrel-windows-ix86+x86_64 0.1.0 6.00 48.00 54.00 NOTE

Check Details

Version: 0.1.0
Check: LazyData
Result: NOTE
     'LazyData' is specified without a 'data' directory
Flavors: r-devel-linux-x86_64-debian-clang, r-devel-linux-x86_64-debian-gcc, r-devel-linux-x86_64-fedora-clang, r-devel-linux-x86_64-fedora-gcc, r-devel-windows-x86_64, r-patched-linux-x86_64, r-release-linux-x86_64, r-release-macos-arm64, r-release-macos-x86_64, r-release-windows-x86_64, r-oldrel-macos-arm64, r-oldrel-macos-x86_64, r-oldrel-windows-ix86+x86_64