CRAN Package Check Results for Package GoodmanKruskal

Last updated on 2022-06-26 00:51:37 CEST.

Flavor Version Tinstall Tcheck Ttotal Status Flags
r-devel-linux-x86_64-debian-clang 0.0.3 2.34 30.08 32.42 NOTE
r-devel-linux-x86_64-debian-gcc 0.0.3 1.73 23.05 24.78 NOTE
r-devel-linux-x86_64-fedora-clang 0.0.3 50.99 NOTE
r-devel-linux-x86_64-fedora-gcc 0.0.3 47.96 NOTE
r-devel-windows-x86_64 0.0.3 24.00 55.00 79.00 NOTE
r-patched-linux-x86_64 0.0.3 2.09 29.11 31.20 NOTE
r-release-linux-x86_64 0.0.3 2.10 28.84 30.94 NOTE
r-release-macos-arm64 0.0.3 23.00 NOTE
r-release-macos-x86_64 0.0.3 27.00 NOTE
r-release-windows-x86_64 0.0.3 21.00 59.00 80.00 NOTE
r-oldrel-macos-arm64 0.0.3 25.00 NOTE
r-oldrel-macos-x86_64 0.0.3 32.00 NOTE
r-oldrel-windows-ix86+x86_64 0.0.3 6.00 47.00 53.00 NOTE

Check Details

Version: 0.0.3
Check: LazyData
Result: NOTE
     'LazyData' is specified without a 'data' directory
Flavors: r-devel-linux-x86_64-debian-clang, r-devel-linux-x86_64-debian-gcc, r-devel-linux-x86_64-fedora-clang, r-devel-linux-x86_64-fedora-gcc, r-devel-windows-x86_64, r-patched-linux-x86_64, r-release-linux-x86_64, r-release-macos-arm64, r-release-macos-x86_64, r-release-windows-x86_64, r-oldrel-macos-arm64, r-oldrel-macos-x86_64, r-oldrel-windows-ix86+x86_64