CRAN Package Check Results for Package GomoGomonoMi

Last updated on 2022-09-29 00:52:49 CEST.

Flavor Version Tinstall Tcheck Ttotal Status Flags
r-devel-linux-x86_64-debian-clang 0.1.0 2.24 20.51 22.75 NOTE
r-devel-linux-x86_64-debian-gcc 0.1.0 1.11 16.58 17.69 NOTE
r-devel-linux-x86_64-fedora-clang 0.1.0 40.50 NOTE
r-devel-linux-x86_64-fedora-gcc 0.1.0 38.17 NOTE
r-devel-windows-x86_64 0.1.0 13.00 48.00 61.00 NOTE
r-patched-linux-x86_64 0.1.0 1.89 20.34 22.23 NOTE
r-release-linux-x86_64 0.1.0 2.05 20.42 22.47 NOTE
r-release-macos-arm64 0.1.0 15.00 NOTE
r-release-macos-x86_64 0.1.0 18.00 NOTE
r-release-windows-x86_64 0.1.0 8.00 45.00 53.00 NOTE
r-oldrel-macos-arm64 0.1.0 21.00 NOTE
r-oldrel-macos-x86_64 0.1.0 26.00 NOTE
r-oldrel-windows-ix86+x86_64 0.1.0 5.00 45.00 50.00 NOTE

Check Details

Version: 0.1.0
Check: LazyData
Result: NOTE
     'LazyData' is specified without a 'data' directory
Flavors: r-devel-linux-x86_64-debian-clang, r-devel-linux-x86_64-debian-gcc, r-devel-linux-x86_64-fedora-clang, r-devel-linux-x86_64-fedora-gcc, r-devel-windows-x86_64, r-patched-linux-x86_64, r-release-linux-x86_64, r-release-macos-arm64, r-release-macos-x86_64, r-release-windows-x86_64, r-oldrel-macos-arm64, r-oldrel-macos-x86_64, r-oldrel-windows-ix86+x86_64