CRAN Package Check Results for Package GofKmt

Last updated on 2023-09-27 21:01:24 CEST.

Flavor Version Tinstall Tcheck Ttotal Status Flags
r-devel-linux-x86_64-debian-clang 2.2.0 35.26 52.11 87.37 NOTE
r-devel-linux-x86_64-debian-gcc 2.2.0 23.96 39.88 63.84 NOTE
r-devel-linux-x86_64-fedora-clang 2.2.0 127.53 NOTE
r-devel-linux-x86_64-fedora-gcc 2.2.0 122.56 NOTE
r-devel-windows-x86_64 2.2.0 31.00 81.00 112.00 NOTE
r-patched-linux-x86_64 2.2.0 38.23 50.44 88.67 NOTE
r-release-linux-x86_64 2.2.0 38.04 50.54 88.58 NOTE
r-release-macos-arm64 2.2.0 35.00 NOTE
r-release-macos-x86_64 2.2.0 55.00 NOTE
r-release-windows-x86_64 2.2.0 39.00 86.00 125.00 NOTE
r-oldrel-macos-arm64 2.2.0 37.00 OK
r-oldrel-macos-x86_64 2.2.0 59.00 OK
r-oldrel-windows-x86_64 2.2.0 39.00 92.00 131.00 OK

Check Details

Version: 2.2.0
Check: C++ specification
Result: NOTE
     Specified C++11: please drop specification unless essential
Flavors: r-devel-linux-x86_64-debian-clang, r-devel-linux-x86_64-debian-gcc, r-devel-linux-x86_64-fedora-clang, r-devel-linux-x86_64-fedora-gcc, r-devel-windows-x86_64, r-patched-linux-x86_64, r-release-linux-x86_64, r-release-macos-arm64, r-release-macos-x86_64, r-release-windows-x86_64