Last updated on 2022-08-13 00:51:00 CEST.
Flavor | Version | Tinstall | Tcheck | Ttotal | Status | Flags |
---|---|---|---|---|---|---|
r-devel-linux-x86_64-debian-clang | 1.0 | 10.30 | 144.78 | 155.08 | OK | |
r-devel-linux-x86_64-debian-gcc | 1.0 | 7.54 | 106.65 | 114.19 | OK | |
r-devel-linux-x86_64-fedora-clang | 1.0 | 192.11 | OK | |||
r-devel-linux-x86_64-fedora-gcc | 1.0 | 189.76 | OK | |||
r-devel-windows-x86_64 | 1.0 | 23.00 | 163.00 | 186.00 | NOTE | |
r-patched-linux-x86_64 | 1.0 | 12.22 | 138.88 | 151.10 | OK | |
r-release-linux-x86_64 | 1.0 | 11.49 | 133.45 | 144.94 | OK | |
r-release-macos-arm64 | 1.0 | 49.00 | OK | |||
r-release-macos-x86_64 | 1.0 | 82.00 | OK | |||
r-release-windows-x86_64 | 1.0 | 20.00 | 169.00 | 189.00 | NOTE | |
r-oldrel-macos-arm64 | 1.0 | 43.00 | OK | |||
r-oldrel-macos-x86_64 | 1.0 | 63.00 | OK | |||
r-oldrel-windows-ix86+x86_64 | 1.0 | 28.00 | 157.00 | 185.00 | NOTE |
Version: 1.0
Check: package dependencies
Result: NOTE
Package suggested but not available for checking: 'doMC'
Flavors: r-devel-windows-x86_64, r-release-windows-x86_64, r-oldrel-windows-ix86+x86_64