CRAN Package Check Results for Package GiRaF

Last updated on 2020-05-25 01:48:53 CEST.

Flavor Version Tinstall Tcheck Ttotal Status Flags
r-devel-linux-x86_64-debian-clang 1.0 77.60 58.87 136.47 NOTE
r-devel-linux-x86_64-debian-gcc 1.0 67.74 46.17 113.91 NOTE
r-devel-linux-x86_64-fedora-clang 1.0 202.68 NOTE
r-devel-linux-x86_64-fedora-gcc 1.0 196.03 NOTE
r-devel-windows-ix86+x86_64 1.0 219.00 146.00 365.00 NOTE
r-patched-linux-x86_64 1.0 66.84 58.56 125.40 NOTE
r-patched-solaris-x86 1.0 203.20 NOTE
r-release-linux-x86_64 1.0 68.44 58.75 127.19 NOTE
r-release-osx-x86_64 1.0 NOTE
r-release-windows-ix86+x86_64 1.0 162.00 140.00 302.00 NOTE
r-oldrel-osx-x86_64 1.0 NOTE
r-oldrel-windows-ix86+x86_64 1.0 175.00 107.00 282.00 NOTE

Check Details

Version: 1.0
Check: line endings in C/C++/Fortran sources/headers
Result: NOTE
    Found the following sources/headers not terminated with a newline:
     inst/include/GiRaF.hpp
     inst/include/lattice.hpp
     inst/include/sampler.hpp
    Some compilers warn on such files.
Flavors: r-devel-linux-x86_64-debian-clang, r-devel-linux-x86_64-debian-gcc, r-devel-linux-x86_64-fedora-clang, r-devel-linux-x86_64-fedora-gcc, r-devel-windows-ix86+x86_64, r-patched-linux-x86_64, r-patched-solaris-x86, r-release-linux-x86_64, r-release-osx-x86_64, r-release-windows-ix86+x86_64, r-oldrel-osx-x86_64, r-oldrel-windows-ix86+x86_64

Version: 1.0
Check: installed package size
Result: NOTE
     installed size is 6.5Mb
     sub-directories of 1Mb or more:
     libs 6.1Mb
Flavors: r-devel-linux-x86_64-fedora-clang, r-release-osx-x86_64, r-oldrel-osx-x86_64

Version: 1.0
Check: compiled code
Result: NOTE
    File ‘GiRaF/libs/GiRaF.so’:
     Found no calls to: ‘R_registerRoutines’, ‘R_useDynamicSymbols’
    
    It is good practice to register native routines and to disable symbol
    search.
    
    See ‘Writing portable packages’ in the ‘Writing R Extensions’ manual.
Flavors: r-devel-linux-x86_64-fedora-clang, r-devel-linux-x86_64-fedora-gcc