CRAN Package Check Results for Package GeoFIS

Last updated on 2022-09-29 12:55:27 CEST.

Flavor Version Tinstall Tcheck Ttotal Status Flags
r-devel-linux-x86_64-debian-clang 1.0.3 488.36 153.84 642.20 NOTE
r-devel-linux-x86_64-debian-gcc 1.0.3 492.18 137.17 629.35 NOTE
r-devel-linux-x86_64-fedora-clang 1.0.3 422.19 ERROR
r-devel-linux-x86_64-fedora-gcc 1.0.3 1057.60 NOTE
r-devel-windows-x86_64 1.0.3 781.00 253.00 1034.00 NOTE
r-patched-linux-x86_64 1.0.3 508.91 177.75 686.66 NOTE
r-release-linux-x86_64 1.0.3 521.25 179.10 700.35 NOTE
r-release-macos-arm64 1.0.3 251.00 NOTE
r-release-macos-x86_64 1.0.3 303.00 NOTE
r-release-windows-x86_64 1.0.3 1087.00 252.00 1339.00 NOTE
r-oldrel-macos-arm64 1.0.3 236.00 NOTE
r-oldrel-macos-x86_64 1.0.3 316.00 NOTE
r-oldrel-windows-ix86+x86_64 1.0.3 1235.00 262.00 1497.00 NOTE

Additional issues

clang15 clang15

Check Details

Version: 1.0.3
Check: for GNU extensions in Makefiles
Result: NOTE
    GNU make is a SystemRequirements.
Flavors: r-devel-linux-x86_64-debian-clang, r-devel-linux-x86_64-debian-gcc, r-devel-linux-x86_64-fedora-gcc, r-devel-windows-x86_64, r-patched-linux-x86_64, r-release-linux-x86_64, r-release-macos-arm64, r-release-macos-x86_64, r-release-windows-x86_64, r-oldrel-macos-arm64, r-oldrel-macos-x86_64, r-oldrel-windows-ix86+x86_64

Version: 1.0.3
Check: whether package can be installed
Result: ERROR
    Installation failed.
Flavor: r-devel-linux-x86_64-fedora-clang

Version: 1.0.3
Check: installed package size
Result: NOTE
     installed size is 5.7Mb
     sub-directories of 1Mb or more:
     R 1.0Mb
     libs 4.3Mb
Flavors: r-devel-windows-x86_64, r-release-macos-arm64, r-release-macos-x86_64, r-release-windows-x86_64, r-oldrel-macos-arm64, r-oldrel-macos-x86_64, r-oldrel-windows-ix86+x86_64