CRAN Package Check Results for Package GenomicMating

Last updated on 2020-05-27 07:50:57 CEST.

Flavor Version Tinstall Tcheck Ttotal Status Flags
r-devel-linux-x86_64-debian-clang 2.0 40.96 62.23 103.19 OK
r-devel-linux-x86_64-debian-gcc 2.0 29.21 47.78 76.99 OK
r-devel-linux-x86_64-fedora-clang 2.0 136.34 NOTE
r-devel-linux-x86_64-fedora-gcc 2.0 123.28 NOTE
r-devel-windows-ix86+x86_64 2.0 107.00 147.00 254.00 OK
r-patched-linux-x86_64 2.0 33.21 62.10 95.31 OK
r-patched-solaris-x86 2.0 167.60 NOTE
r-release-linux-x86_64 2.0 34.15 61.95 96.10 OK
r-release-osx-x86_64 2.0 NOTE
r-release-windows-ix86+x86_64 2.0 91.00 154.00 245.00 OK
r-oldrel-osx-x86_64 2.0 NOTE
r-oldrel-windows-ix86+x86_64 2.0 73.00 107.00 180.00 OK

Check Details

Version: 2.0
Check: dependencies in R code
Result: NOTE
    Namespace in Imports field not imported from: ‘dplyr’
     All declared Imports should be used.
Flavors: r-devel-linux-x86_64-fedora-clang, r-devel-linux-x86_64-fedora-gcc, r-patched-solaris-x86, r-release-osx-x86_64, r-oldrel-osx-x86_64