CRAN Package Check Results for Package GeneralizedWendland

Last updated on 2022-10-02 06:52:10 CEST.

Flavor Version Tinstall Tcheck Ttotal Status Flags
r-devel-linux-x86_64-debian-clang 0.5-2 38.29 128.88 167.17 OK
r-devel-linux-x86_64-debian-gcc 0.5-2 33.49 94.41 127.90 OK
r-devel-linux-x86_64-fedora-clang 0.5-2 227.63 OK
r-devel-linux-x86_64-fedora-gcc 0.5-2 219.12 OK
r-devel-windows-x86_64 0.5-2 130.00 172.00 302.00 OK
r-patched-linux-x86_64 0.5-2 38.65 122.64 161.29 OK
r-release-linux-x86_64 0.5-2 33.78 121.69 155.47 OK
r-release-macos-arm64 0.5-2 56.00 OK
r-release-macos-x86_64 0.5-2 78.00 NOTE
r-release-windows-x86_64 0.5-2 71.00 177.00 248.00 OK
r-oldrel-macos-arm64 0.5-2 46.00 OK
r-oldrel-macos-x86_64 0.5-2 83.00 NOTE
r-oldrel-windows-ix86+x86_64 0.5-2 97.00 223.00 320.00 OK

Check Details

Version: 0.5-2
Check: installed package size
Result: NOTE
     installed size is 5.2Mb
     sub-directories of 1Mb or more:
     doc 1.4Mb
     libs 3.6Mb
Flavors: r-release-macos-x86_64, r-oldrel-macos-x86_64