Last updated on 2022-08-16 12:53:01 CEST.
Flavor | Version | Tinstall | Tcheck | Ttotal | Status | Flags |
---|---|---|---|---|---|---|
r-devel-linux-x86_64-debian-clang | 1.2.4 | 64.18 | 138.87 | 203.05 | NOTE | |
r-devel-linux-x86_64-debian-gcc | 1.2.4 | 50.32 | 95.77 | 146.09 | NOTE | |
r-devel-linux-x86_64-fedora-clang | 1.2.4 | 273.95 | NOTE | |||
r-devel-linux-x86_64-fedora-gcc | 1.2.4 | 266.95 | NOTE | |||
r-devel-windows-x86_64 | 1.2.4 | 102.00 | 172.00 | 274.00 | NOTE | |
r-patched-linux-x86_64 | 1.2.4 | 55.87 | 130.85 | 186.72 | NOTE | |
r-release-linux-x86_64 | 1.2.4 | 59.26 | 129.32 | 188.58 | NOTE | |
r-release-macos-arm64 | 1.2.4 | 98.00 | NOTE | |||
r-release-macos-x86_64 | 1.2.4 | 97.00 | NOTE | |||
r-release-windows-x86_64 | 1.2.4 | 195.00 | 173.00 | 368.00 | NOTE | |
r-oldrel-macos-arm64 | 1.2.4 | 88.00 | NOTE | |||
r-oldrel-macos-x86_64 | 1.2.4 | 96.00 | NOTE | |||
r-oldrel-windows-ix86+x86_64 | 1.2.4 | 172.00 | 224.00 | 396.00 | NOTE |
Version: 1.2.4
Check: for GNU extensions in Makefiles
Result: NOTE
GNU make is a SystemRequirements.
Flavors: r-devel-linux-x86_64-debian-clang, r-devel-linux-x86_64-debian-gcc, r-devel-linux-x86_64-fedora-clang, r-devel-linux-x86_64-fedora-gcc, r-devel-windows-x86_64, r-patched-linux-x86_64, r-release-linux-x86_64, r-release-macos-arm64, r-release-macos-x86_64, r-release-windows-x86_64, r-oldrel-macos-arm64, r-oldrel-macos-x86_64, r-oldrel-windows-ix86+x86_64