CRAN Package Check Results for Package GenForImp

Last updated on 2020-05-24 22:48:05 CEST.

Flavor Version Tinstall Tcheck Ttotal Status Flags
r-devel-linux-x86_64-debian-clang 1.0 3.80 34.48 38.28 NOTE
r-devel-linux-x86_64-debian-gcc 1.0 2.75 27.52 30.27 NOTE
r-devel-linux-x86_64-fedora-clang 1.0 48.91 NOTE
r-devel-linux-x86_64-fedora-gcc 1.0 45.79 NOTE
r-devel-windows-ix86+x86_64 1.0 12.00 45.00 57.00 NOTE
r-patched-linux-x86_64 1.0 3.71 34.56 38.27 NOTE
r-patched-solaris-x86 1.0 66.00 NOTE
r-release-linux-x86_64 1.0 3.47 34.20 37.67 NOTE
r-release-osx-x86_64 1.0 NOTE
r-release-windows-ix86+x86_64 1.0 8.00 64.00 72.00 NOTE
r-oldrel-osx-x86_64 1.0 NOTE
r-oldrel-windows-ix86+x86_64 1.0 7.00 56.00 63.00 NOTE

Check Details

Version: 1.0
Check: R code for possible problems
Result: NOTE
    ForImp.Mahala: no visible global function definition for 'combn'
    ForImp.Mahala: no visible global function definition for 'var'
    ForImp.Mahala: no visible global function definition for 'quantile'
    ForImp.Mahala : <anonymous>: no visible global function definition for
     'var'
    ForImp.Mahala : <anonymous> : <anonymous>: no visible global function
     definition for 'var'
    ForImp.Mahala : <anonymous> : <anonymous>: no visible global function
     definition for 'quantile'
    ForImp.PCA: no visible global function definition for 'cov'
    ForImp.PCA: no visible global function definition for 'princomp'
    ForImp.PCA: no visible global function definition for 'combn'
    ForImp.PCA: no visible global function definition for 'quantile'
    ForImp.PCA : <anonymous> : <anonymous>: no visible global function
     definition for 'quantile'
    Undefined global functions or variables:
     combn cov princomp quantile var
    Consider adding
     importFrom("stats", "cov", "princomp", "quantile", "var")
     importFrom("utils", "combn")
    to your NAMESPACE file.
Flavors: r-devel-linux-x86_64-debian-clang, r-devel-linux-x86_64-debian-gcc, r-devel-linux-x86_64-fedora-clang, r-devel-linux-x86_64-fedora-gcc, r-devel-windows-ix86+x86_64, r-patched-linux-x86_64, r-patched-solaris-x86, r-release-linux-x86_64, r-release-osx-x86_64, r-release-windows-ix86+x86_64, r-oldrel-osx-x86_64, r-oldrel-windows-ix86+x86_64