Last updated on 2023-05-29 20:57:02 CEST.
Flavor | Version | Tinstall | Tcheck | Ttotal | Status | Flags |
---|---|---|---|---|---|---|
r-devel-linux-x86_64-debian-clang | 2.2.0 | 2.85 | 41.91 | 44.76 | OK | |
r-devel-linux-x86_64-debian-gcc | 2.2.0 | 2.30 | 33.04 | 35.34 | OK | |
r-devel-linux-x86_64-fedora-clang | 2.2.0 | 57.81 | NOTE | |||
r-devel-linux-x86_64-fedora-gcc | 2.2.0 | 73.56 | NOTE | |||
r-devel-windows-x86_64 | 2.2.0 | 5.00 | 69.00 | 74.00 | OK | |
r-patched-linux-x86_64 | 2.2.0 | 3.10 | 40.60 | 43.70 | OK | |
r-release-linux-x86_64 | 2.2.0 | 3.11 | 41.33 | 44.44 | OK | |
r-release-macos-arm64 | 2.2.0 | 31.00 | OK | |||
r-release-macos-x86_64 | 2.2.0 | 38.00 | OK | |||
r-release-windows-x86_64 | 2.2.0 | 5.00 | 69.00 | 74.00 | OK | |
r-oldrel-macos-arm64 | 2.2.0 | 28.00 | OK | |||
r-oldrel-macos-x86_64 | 2.2.0 | 36.00 | NOTE | |||
r-oldrel-windows-x86_64 | 2.2.0 | 6.00 | 75.00 | 81.00 | OK |
Version: 2.2.0
Check: data for non-ASCII characters
Result: NOTE
Note: found 17 marked UTF-8 strings
Flavors: r-devel-linux-x86_64-fedora-clang, r-devel-linux-x86_64-fedora-gcc, r-oldrel-macos-x86_64