CRAN Package Check Results for Package GenAlgo

Last updated on 2020-05-29 07:53:57 CEST.

Flavor Version Tinstall Tcheck Ttotal Status Flags
r-devel-linux-x86_64-debian-clang 2.1.5 3.03 39.26 42.29 OK
r-devel-linux-x86_64-debian-gcc 2.1.5 2.15 30.99 33.14 OK
r-devel-linux-x86_64-fedora-clang 2.1.5 54.30 NOTE
r-devel-linux-x86_64-fedora-gcc 2.1.5 49.82 NOTE
r-devel-windows-ix86+x86_64 2.1.5 10.00 113.00 123.00 OK
r-patched-linux-x86_64 2.1.5 3.01 39.02 42.03 OK
r-patched-solaris-x86 2.1.5 73.10 NOTE
r-release-linux-x86_64 2.1.5 3.16 38.88 42.04 OK
r-release-osx-x86_64 2.1.5 NOTE
r-release-windows-ix86+x86_64 2.1.5 8.00 76.00 84.00 OK
r-oldrel-osx-x86_64 2.1.5 NOTE
r-oldrel-windows-ix86+x86_64 2.1.5 17.00 58.00 75.00 OK

Check Details

Version: 2.1.5
Check: data for non-ASCII characters
Result: NOTE
     Note: found 17 marked UTF-8 strings
Flavors: r-devel-linux-x86_64-fedora-clang, r-devel-linux-x86_64-fedora-gcc, r-patched-solaris-x86, r-release-osx-x86_64, r-oldrel-osx-x86_64