CRAN Package Check Results for Package GauPro

Last updated on 2020-09-21 19:59:00 CEST.

Flavor Version Tinstall Tcheck Ttotal Status Flags
r-devel-linux-x86_64-debian-clang 0.2.2 178.58 179.30 357.88 OK
r-devel-linux-x86_64-debian-gcc 0.2.2 136.14 119.10 255.24 OK
r-devel-linux-x86_64-fedora-clang 0.2.2 470.17 NOTE
r-devel-linux-x86_64-fedora-gcc 0.2.2 464.14 OK
r-devel-windows-ix86+x86_64 0.2.2 403.00 357.00 760.00 OK
r-patched-linux-x86_64 0.2.2 145.93 164.87 310.80 OK
r-patched-solaris-x86 0.2.2 405.30 OK
r-release-linux-x86_64 0.2.2 140.13 162.17 302.30 OK
r-release-macos-x86_64 0.2.2 NOTE
r-release-windows-ix86+x86_64 0.2.2 410.00 353.00 763.00 OK
r-oldrel-macos-x86_64 0.2.2 OK
r-oldrel-windows-ix86+x86_64 0.2.2 282.00 305.00 587.00 OK

Check Details

Version: 0.2.2
Check: installed package size
Result: NOTE
     installed size is 6.3Mb
     sub-directories of 1Mb or more:
     libs 5.4Mb
Flavors: r-devel-linux-x86_64-fedora-clang, r-release-macos-x86_64