Last updated on 2023-02-08 06:56:26 CET.
Flavor | Version | Tinstall | Tcheck | Ttotal | Status | Flags |
---|---|---|---|---|---|---|
r-devel-linux-x86_64-debian-clang | 1.0.2 | 35.29 | 361.24 | 396.53 | OK | |
r-devel-linux-x86_64-debian-gcc | 1.0.2 | 30.38 | 257.50 | 287.88 | OK | |
r-devel-linux-x86_64-fedora-clang | 1.0.2 | 482.94 | NOTE | |||
r-devel-linux-x86_64-fedora-gcc | 1.0.2 | 466.97 | NOTE | |||
r-devel-windows-x86_64 | 1.0.2 | 56.00 | 349.00 | 405.00 | OK | |
r-patched-linux-x86_64 | 1.0.2 | 28.81 | 341.55 | 370.36 | OK | |
r-release-linux-x86_64 | 1.0.2 | 31.04 | 345.44 | 376.48 | OK | |
r-release-macos-arm64 | 1.0.2 | 115.00 | NOTE | |||
r-release-macos-x86_64 | 1.0.2 | 197.00 | NOTE | |||
r-release-windows-x86_64 | 1.0.2 | 65.00 | 362.00 | 427.00 | OK | |
r-oldrel-macos-arm64 | 1.0.2 | 89.00 | NOTE | |||
r-oldrel-macos-x86_64 | 1.0.2 | 102.00 | NOTE | |||
r-oldrel-windows-ix86+x86_64 | 1.0.2 | 84.00 | 353.00 | 437.00 | OK |
Version: 1.0.2
Check: data for non-ASCII characters
Result: NOTE
Note: found 2 marked UTF-8 strings
Flavors: r-devel-linux-x86_64-fedora-clang, r-devel-linux-x86_64-fedora-gcc, r-release-macos-arm64, r-release-macos-x86_64, r-oldrel-macos-arm64, r-oldrel-macos-x86_64