CRAN Package Check Results for Package GWpcor

Last updated on 2024-06-13 06:58:04 CEST.

Flavor Version Tinstall Tcheck Ttotal Status Flags
r-devel-linux-x86_64-debian-clang 0.1.7 10.11 71.56 81.67 OK
r-devel-linux-x86_64-debian-gcc 0.1.7 0.32 1.56 1.88 ERROR
r-devel-linux-x86_64-fedora-clang 0.1.7 99.75 OK
r-devel-linux-x86_64-fedora-gcc 0.1.7 95.77 OK
r-devel-windows-x86_64 0.1.7 8.00 80.00 88.00 OK
r-patched-linux-x86_64 0.1.7 7.09 70.13 77.22 OK
r-release-linux-x86_64 0.1.7 8.10 68.07 76.17 OK
r-release-macos-arm64 0.1.7 32.00 OK
r-release-macos-x86_64 0.1.7 46.00 OK
r-release-windows-x86_64 0.1.7 9.00 74.00 83.00 OK
r-oldrel-macos-arm64 0.1.7 34.00 OK
r-oldrel-macos-x86_64 0.1.7 53.00 OK
r-oldrel-windows-x86_64 0.1.7 10.00 81.00 91.00 OK

Check Details

Version: 0.1.7
Check: package dependencies
Result: ERROR Package required but not available: ‘dplyr’ See section ‘The DESCRIPTION file’ in the ‘Writing R Extensions’ manual. Flavor: r-devel-linux-x86_64-debian-gcc