CRAN Package Check Results for Package GWmodel

Last updated on 2022-10-07 21:51:07 CEST.

Flavor Version Tinstall Tcheck Ttotal Status Flags
r-devel-linux-x86_64-debian-clang 2.2-9 68.16 219.48 287.64 OK
r-devel-linux-x86_64-debian-gcc 2.2-9 56.05 159.48 215.53 NOTE
r-devel-linux-x86_64-fedora-clang 2.2-9 399.77 OK
r-devel-linux-x86_64-fedora-gcc 2.2-9 371.82 OK
r-devel-windows-x86_64 2.2-9 90.00 285.00 375.00 OK
r-patched-linux-x86_64 2.2-9 69.92 205.97 275.89 OK
r-release-linux-x86_64 2.2-9 67.98 206.52 274.50 OK
r-release-macos-arm64 2.2-9 144.00 NOTE
r-release-macos-x86_64 2.2-9 192.00 NOTE
r-release-windows-x86_64 2.2-9 89.00 282.00 371.00 OK
r-oldrel-macos-arm64 2.2-9 118.00 NOTE
r-oldrel-macos-x86_64 2.2-9 181.00 NOTE
r-oldrel-windows-ix86+x86_64 2.2-9 172.00 334.00 506.00 NOTE

Check Details

Version: 2.2-9
Check: compilation flags used
Result: NOTE
    Compilation used the following non-portable flag(s):
     ‘-Wstrict-prototypes’
Flavor: r-devel-linux-x86_64-debian-gcc

Version: 2.2-9
Check: installed package size
Result: NOTE
     installed size is 7.0Mb
     sub-directories of 1Mb or more:
     data 1.5Mb
     libs 4.7Mb
Flavors: r-release-macos-arm64, r-release-macos-x86_64, r-oldrel-macos-arm64, r-oldrel-macos-x86_64, r-oldrel-windows-ix86+x86_64